CRAN Package Check Results for Package MiSPU

Last updated on 2024-03-01 19:49:04 CET.

Flavor Version Tinstall Tcheck Ttotal Status Flags
r-devel-linux-x86_64-debian-clang 1.0 41.38 106.37 147.75 OK
r-devel-linux-x86_64-debian-gcc 1.0 35.80 79.55 115.35 OK
r-devel-linux-x86_64-fedora-clang 1.0 194.19 NOTE
r-devel-linux-x86_64-fedora-gcc 1.0 192.97 NOTE
r-devel-windows-x86_64 1.0 36.00 117.00 153.00 OK
r-patched-linux-x86_64 1.0 41.63 102.55 144.18 OK
r-release-linux-x86_64 1.0 41.49 102.77 144.26 OK
r-release-macos-arm64 1.0 65.00 OK
r-release-macos-x86_64 1.0 115.00 OK
r-release-windows-x86_64 1.0 45.00 137.00 182.00 OK
r-oldrel-macos-arm64 1.0 63.00 OK
r-oldrel-windows-x86_64 1.0 43.00 138.00 181.00 OK

Check Details

Version: 1.0
Check: compiled code
Result: NOTE File ‘MiSPU/libs/MiSPU.so’: Found no calls to: ‘R_registerRoutines’, ‘R_useDynamicSymbols’ It is good practice to register native routines and to disable symbol search. See ‘Writing portable packages’ in the ‘Writing R Extensions’ manual. Flavors: r-devel-linux-x86_64-fedora-clang, r-devel-linux-x86_64-fedora-gcc