CRAN Package Check Results for Package MicroDatosEs

Last updated on 2022-01-20 19:51:00 CET.

Flavor Version Tinstall Tcheck Ttotal Status Flags
r-devel-linux-x86_64-debian-clang 0.8.2 NOTE
r-devel-linux-x86_64-debian-gcc 0.8.2 2.63 34.18 36.81 NOTE
r-devel-linux-x86_64-fedora-clang 0.8.2 57.83 NOTE
r-devel-linux-x86_64-fedora-gcc 0.8.2 49.91 NOTE
r-devel-windows-x86_64-new-UL 0.8.2 28.00 63.00 91.00 NOTE
r-devel-windows-x86_64-new-TK 0.8.2 NOTE
r-patched-linux-x86_64 0.8.2 2.71 42.69 45.40 NOTE
r-release-linux-x86_64 0.8.2 3.35 42.20 45.55 NOTE
r-release-macos-arm64 0.8.2 NOTE
r-release-macos-x86_64 0.8.2 NOTE
r-release-windows-ix86+x86_64 0.8.2 8.00 51.00 59.00 NOTE
r-oldrel-macos-x86_64 0.8.2 OK
r-oldrel-windows-ix86+x86_64 0.8.2 9.00 54.00 63.00 OK

Check Details

Version: 0.8.2
Check: LazyData
Result: NOTE
     'LazyData' is specified without a 'data' directory
Flavors: r-devel-linux-x86_64-debian-clang, r-devel-linux-x86_64-debian-gcc, r-devel-linux-x86_64-fedora-clang, r-devel-linux-x86_64-fedora-gcc, r-devel-windows-x86_64-new-UL, r-devel-windows-x86_64-new-TK, r-patched-linux-x86_64, r-release-linux-x86_64, r-release-macos-arm64, r-release-macos-x86_64, r-release-windows-ix86+x86_64