Last updated on 2023-06-07 22:02:48 CEST.
Flavor | Version | Tinstall | Tcheck | Ttotal | Status | Flags |
---|---|---|---|---|---|---|
r-devel-linux-x86_64-debian-clang | 2.4.0 | 20.25 | 51.72 | 71.97 | OK | |
r-devel-linux-x86_64-debian-gcc | 2.4.0 | 13.15 | 40.73 | 53.88 | OK | |
r-devel-linux-x86_64-fedora-clang | 2.4.0 | 98.12 | NOTE | |||
r-devel-linux-x86_64-fedora-gcc | 2.4.0 | 98.69 | NOTE | |||
r-devel-windows-x86_64 | 2.4.0 | 18.00 | 80.00 | 98.00 | OK | |
r-patched-linux-x86_64 | 2.4.0 | 19.79 | 50.80 | 70.59 | OK | |
r-release-linux-x86_64 | 2.4.0 | 16.66 | 50.38 | 67.04 | OK | |
r-release-macos-arm64 | 2.4.0 | 42.00 | OK | |||
r-release-macos-x86_64 | 2.3.4 | 61.00 | OK | |||
r-release-windows-x86_64 | 2.4.0 | 21.00 | 75.00 | 96.00 | OK | |
r-oldrel-macos-arm64 | 2.4.0 | 39.00 | OK | |||
r-oldrel-macos-x86_64 | 2.4.0 | 47.00 | OK | |||
r-oldrel-windows-x86_64 | 2.4.0 | 21.00 | 78.00 | 99.00 | OK |
Version: 2.4.0
Check: dependencies in R code
Result: NOTE
Namespaces in Imports field not imported from:
‘R6’ ‘curl’ ‘jsonlite’ ‘parallel’ ‘tools’ ‘vctrs’
All declared Imports should be used.
Flavors: r-devel-linux-x86_64-fedora-clang, r-devel-linux-x86_64-fedora-gcc