Last updated on 2023-01-29 19:54:10 CET.
Flavor | Version | Tinstall | Tcheck | Ttotal | Status | Flags |
---|---|---|---|---|---|---|
r-devel-linux-x86_64-debian-clang | 2.0.0 | 6.08 | 33.96 | 40.04 | OK | |
r-devel-linux-x86_64-debian-gcc | 2.0.0 | 4.92 | 27.24 | 32.16 | OK | |
r-devel-linux-x86_64-fedora-clang | 2.0.0 | 56.85 | NOTE | |||
r-devel-linux-x86_64-fedora-gcc | 2.0.0 | 55.46 | NOTE | |||
r-devel-windows-x86_64 | 2.0.0 | 26.00 | 68.00 | 94.00 | OK | |
r-patched-linux-x86_64 | 2.0.0 | 4.22 | 34.09 | 38.31 | OK | |
r-release-linux-x86_64 | 2.0.0 | 3.98 | 34.45 | 38.43 | OK | |
r-release-macos-arm64 | 2.0.0 | 22.00 | NOTE | |||
r-release-macos-x86_64 | 2.0.0 | 37.00 | NOTE | |||
r-release-windows-x86_64 | 2.0.0 | 53.00 | 67.00 | 120.00 | OK | |
r-oldrel-macos-arm64 | 2.0.0 | 31.00 | NOTE | |||
r-oldrel-macos-x86_64 | 2.0.0 | 46.00 | NOTE | |||
r-oldrel-windows-ix86+x86_64 | 2.0.0 | 19.00 | 78.00 | 97.00 | OK |
Version: 2.0.0
Check: dependencies in R code
Result: NOTE
Namespace in Imports field not imported from: ‘testthat’
All declared Imports should be used.
Flavors: r-devel-linux-x86_64-fedora-clang, r-devel-linux-x86_64-fedora-gcc, r-release-macos-arm64, r-release-macos-x86_64, r-oldrel-macos-arm64, r-oldrel-macos-x86_64