CRAN Package Check Results for Package MortalityTables

Last updated on 2021-12-01 19:51:42 CET.

Flavor Version Tinstall Tcheck Ttotal Status Flags
r-devel-linux-x86_64-debian-clang 2.0.3 8.94 144.71 153.65 OK
r-devel-linux-x86_64-debian-gcc 2.0.3 7.62 104.60 112.22 OK
r-devel-linux-x86_64-fedora-clang 2.0.3 218.80 OK
r-devel-linux-x86_64-fedora-gcc 2.0.3 199.43 OK
r-devel-windows-x86_64-new-UL 2.0.3 31.00 358.00 389.00 OK
r-devel-windows-x86_64-new-TK 2.0.3 OK
r-devel-windows-x86_64-old 2.0.3 18.00 143.00 161.00 OK
r-patched-linux-x86_64 2.0.3 10.48 109.41 119.89 OK
r-patched-solaris-x86 2.0.3 157.40 OK
r-release-linux-x86_64 2.0.3 8.77 108.78 117.55 OK
r-release-macos-arm64 2.0.3 OK
r-release-macos-x86_64 2.0.3 WARN
r-release-windows-ix86+x86_64 2.0.3 22.00 163.00 185.00 OK
r-oldrel-macos-x86_64 2.0.3 WARN
r-oldrel-windows-ix86+x86_64 2.0.3 16.00 112.00 128.00 OK

Check Details

Version: 2.0.3
Check: re-building of vignette outputs
Result: WARN
    Error(s) in re-building vignettes:
     ...
    --- re-building ‘international-mortality-tables-overview.Rmd’ using rmarkdown
    Warning in engine$weave(file, quiet = quiet, encoding = enc) :
     Pandoc (>= 1.12.3) not available. Falling back to R Markdown v1.
    Quitting from lines 235-237 (international-mortality-tables-overview.Rmd)
    Error: processing vignette 'international-mortality-tables-overview.Rmd' failed with diagnostics:
    could not find function "whittaker"
    --- failed re-building ‘international-mortality-tables-overview.Rmd’
    
    --- re-building ‘using-the-mortalityTables-package.Rmd’ using rmarkdown
    Warning in engine$weave(file, quiet = quiet, encoding = enc) :
     Pandoc (>= 1.12.3) not available. Falling back to R Markdown v1.
    Loading required package: ggplot2
    --- finished re-building ‘using-the-mortalityTables-package.Rmd’
    
    SUMMARY: processing the following file failed:
     ‘international-mortality-tables-overview.Rmd’
    
    Error: Vignette re-building failed.
    Execution halted
Flavors: r-release-macos-x86_64, r-oldrel-macos-x86_64