CRAN Package Check Results for Package MplusTrees

Last updated on 2022-01-27 19:51:06 CET.

Flavor Version Tinstall Tcheck Ttotal Status Flags
r-devel-linux-x86_64-debian-clang 0.1.1 7.35 79.89 87.24 NOTE
r-devel-linux-x86_64-debian-gcc 0.1.1 5.43 60.76 66.19 NOTE
r-devel-linux-x86_64-fedora-clang 0.1.1 112.23 NOTE
r-devel-linux-x86_64-fedora-gcc 0.1.1 94.11 NOTE
r-devel-windows-x86_64-new-UL 0.1.1 26.00 115.00 141.00 NOTE
r-devel-windows-x86_64-new-TK 0.1.1 NOTE
r-patched-linux-x86_64 0.1.1 7.33 71.11 78.44 NOTE
r-release-linux-x86_64 0.1.1 5.48 71.75 77.23 NOTE
r-release-macos-arm64 0.1.1 NOTE
r-release-macos-x86_64 0.1.1 NOTE
r-release-windows-ix86+x86_64 0.1.1 18.00 87.00 105.00 NOTE
r-oldrel-macos-x86_64 0.1.1 OK
r-oldrel-windows-ix86+x86_64 0.1.1 19.00 89.00 108.00 OK

Check Details

Version: 0.1.1
Check: LazyData
Result: NOTE
     'LazyData' is specified without a 'data' directory
Flavors: r-devel-linux-x86_64-debian-clang, r-devel-linux-x86_64-debian-gcc, r-devel-linux-x86_64-fedora-clang, r-devel-linux-x86_64-fedora-gcc, r-devel-windows-x86_64-new-UL, r-devel-windows-x86_64-new-TK, r-patched-linux-x86_64, r-release-linux-x86_64, r-release-macos-arm64, r-release-macos-x86_64, r-release-windows-ix86+x86_64