CRAN Package Check Results for Package NADIA

Last updated on 2024-02-23 19:48:53 CET.

Flavor Version Tinstall Tcheck Ttotal Status Flags
r-devel-linux-x86_64-debian-clang 0.4.2 NOTE
r-devel-linux-x86_64-debian-gcc 0.4.2 32.02 354.69 386.71 NOTE
r-devel-linux-x86_64-fedora-clang 0.4.2 678.99 NOTE
r-devel-linux-x86_64-fedora-gcc 0.4.2 678.61 NOTE
r-devel-windows-x86_64 0.4.2 33.00 398.00 431.00 OK
r-patched-linux-x86_64 0.4.2 40.86 450.64 491.50 OK
r-release-linux-x86_64 0.4.2 31.65 462.89 494.54 OK
r-release-macos-arm64 0.4.2 188.00 OK
r-release-macos-x86_64 0.4.2 273.00 OK
r-release-windows-x86_64 0.4.2 45.00 502.00 547.00 OK
r-oldrel-macos-arm64 0.4.2 160.00 NOTE
r-oldrel-windows-x86_64 0.4.2 44.00 485.00 529.00 OK

Check Details

Version: 0.4.2
Check: Rd files
Result: NOTE checkRd: (-1) PipeOpMice.Rd:33: Lost braces; missing escapes or markup? 33 | set of methods to chose. Avalible methods {"pmm", "midastouch", "sample", "cart", "rf"} Default 'pmm'. If seted on NULL this methods are used predictive mean matching (numeric data) logreg, logistic regression imputation (binary data, factor with 2 levels) polyreg, polytomous regression imputation for unordered categorical data (factor > 2 levels) polr, proportional odds model for (ordered, > 2 levels). | ^ Flavors: r-devel-linux-x86_64-debian-clang, r-devel-linux-x86_64-debian-gcc, r-devel-linux-x86_64-fedora-clang, r-devel-linux-x86_64-fedora-gcc

Version: 0.4.2
Check: dependencies in R code
Result: NOTE Namespaces in Imports field not imported from: ‘glmnet’ ‘mlr3learners’ ‘rpart’ All declared Imports should be used. Flavors: r-devel-linux-x86_64-fedora-clang, r-devel-linux-x86_64-fedora-gcc, r-oldrel-macos-arm64