CRAN Package Check Results for Package NFCP

Last updated on 2021-12-04 19:53:03 CET.

Flavor Version Tinstall Tcheck Ttotal Status Flags
r-devel-linux-x86_64-debian-clang 1.2.0 3.88 111.17 115.05 OK
r-devel-linux-x86_64-debian-gcc 1.2.0 3.55 83.90 87.45 OK
r-devel-linux-x86_64-fedora-clang 1.2.0 146.38 NOTE
r-devel-linux-x86_64-fedora-gcc 1.2.0 130.36 NOTE
r-devel-windows-x86_64-new-UL 1.2.0 12.00 146.00 158.00 OK
r-devel-windows-x86_64-new-TK 1.2.0 NOTE
r-devel-windows-x86_64-old 1.2.0 7.00 103.00 110.00 OK
r-patched-linux-x86_64 1.2.0 5.16 100.35 105.51 OK
r-release-linux-x86_64 1.2.0 4.42 99.79 104.21 OK
r-release-macos-arm64 1.2.0 NOTE
r-release-macos-x86_64 1.2.0 NOTE
r-release-windows-ix86+x86_64 1.2.0 9.00 134.00 143.00 OK
r-oldrel-macos-x86_64 1.2.0 NOTE
r-oldrel-windows-ix86+x86_64 1.2.0 8.00 135.00 143.00 OK

Check Details

Version: 1.2.0
Check: dependencies in R code
Result: NOTE
    Namespaces in Imports field not imported from:
     ‘Rdpack’ ‘curl’ ‘mathjaxr’
     All declared Imports should be used.
Flavors: r-devel-linux-x86_64-fedora-clang, r-devel-linux-x86_64-fedora-gcc, r-devel-windows-x86_64-new-TK, r-release-macos-arm64, r-release-macos-x86_64, r-oldrel-macos-x86_64