CRAN Package Check Results for Package NHSRplotthedots

Last updated on 2023-01-29 19:54:11 CET.

Flavor Version Tinstall Tcheck Ttotal Status Flags
r-devel-linux-x86_64-debian-clang 0.1.0 6.25 166.40 172.65 OK
r-devel-linux-x86_64-debian-gcc 0.1.0 5.15 118.39 123.54 OK
r-devel-linux-x86_64-fedora-clang 0.1.0 212.05 NOTE
r-devel-linux-x86_64-fedora-gcc 0.1.0 225.25 NOTE
r-devel-windows-x86_64 0.1.0 38.00 195.00 233.00 OK
r-patched-linux-x86_64 0.1.0 6.95 158.53 165.48 OK
r-release-linux-x86_64 0.1.0 5.75 155.13 160.88 OK
r-release-macos-arm64 0.1.0 41.00 NOTE
r-release-macos-x86_64 0.1.0 74.00 ERROR
r-release-windows-x86_64 0.1.0 38.00 198.00 236.00 OK
r-oldrel-macos-arm64 0.1.0 47.00 NOTE
r-oldrel-macos-x86_64 0.1.0 88.00 ERROR
r-oldrel-windows-ix86+x86_64 0.1.0 18.00 194.00 212.00 OK

Check Details

Version: 0.1.0
Check: dependencies in R code
Result: NOTE
    Namespaces in Imports field not imported from:
     ‘NHSRdatasets’ ‘grid’ ‘utils’
     All declared Imports should be used.
Flavors: r-devel-linux-x86_64-fedora-clang, r-devel-linux-x86_64-fedora-gcc, r-release-macos-arm64, r-release-macos-x86_64, r-oldrel-macos-arm64

Version: 0.1.0
Check: tests
Result: ERROR
     Running ‘spelling.R’ [0s/0s]
     Running ‘testthat.R’ [7s/7s]
    Running the tests in ‘tests/testthat.R’ failed.
    Last 13 lines of output:
     ══ Failed tests ════════════════════════════════════════════════════════════════
     ── Failure (test-ptd_create_ggplot.R:79:3): it returns a ggplot object ─────────
     p$labels (`actual`) not equal to list(...) (`expected`).
    
     `actual$title`: "SPC Chart of Y, starting 01/01/2020"
     `expected$title`: "SPC Chart of Y, starting 02/01/2020"
     ── Failure (test-ptd_create_ggplot.R:299:3): it sets the main title correctly ──
     p1$labels$title (`actual`) not equal to "SPC Chart of Y, starting 02/01/2020" (`expected`).
    
     `actual`: "SPC Chart of Y, starting 01/01/2020"
     `expected`: "SPC Chart of Y, starting 02/01/2020"
    
     [ FAIL 2 | WARN 0 | SKIP 3 | PASS 430 ]
     Error: Test failures
     Execution halted
Flavor: r-release-macos-x86_64

Version: 0.1.0
Check: tests
Result: ERROR
     Running ‘spelling.R’ [0s/0s]
     Running ‘testthat.R’ [26s/26s]
    Running the tests in ‘tests/testthat.R’ failed.
    Last 13 lines of output:
     ══ Failed tests ════════════════════════════════════════════════════════════════
     ── Failure ('test-ptd_create_ggplot.R:79'): it returns a ggplot object ─────────
     p$labels (`actual`) not equal to list(...) (`expected`).
    
     `actual$title`: "SPC Chart of Y, starting 01/01/2020"
     `expected$title`: "SPC Chart of Y, starting 02/01/2020"
     ── Failure ('test-ptd_create_ggplot.R:299'): it sets the main title correctly ──
     p1$labels$title (`actual`) not equal to "SPC Chart of Y, starting 02/01/2020" (`expected`).
    
     `actual`: "SPC Chart of Y, starting 01/01/2020"
     `expected`: "SPC Chart of Y, starting 02/01/2020"
    
     [ FAIL 2 | WARN 773 | SKIP 3 | PASS 430 ]
     Error: Test failures
     Execution halted
Flavor: r-oldrel-macos-x86_64