Last updated on 2022-05-25 21:53:05 CEST.
Flavor | Version | Tinstall | Tcheck | Ttotal | Status | Flags |
---|---|---|---|---|---|---|
r-devel-linux-x86_64-debian-clang | 0.2.1 | 27.67 | 348.35 | 376.02 | OK | |
r-devel-linux-x86_64-debian-gcc | 0.2.1 | 21.73 | 265.60 | 287.33 | OK | |
r-devel-linux-x86_64-fedora-clang | 0.2.1 | 463.55 | NOTE | |||
r-devel-linux-x86_64-fedora-gcc | 0.2.1 | 438.60 | NOTE | |||
r-devel-windows-x86_64 | 0.2.1 | 40.00 | 358.00 | 398.00 | NOTE | |
r-patched-linux-x86_64 | 0.2.1 | 26.83 | 330.38 | 357.21 | OK | |
r-release-linux-x86_64 | 0.2.1 | OK | ||||
r-release-macos-arm64 | 0.2.1 | 130.00 | NOTE | |||
r-release-macos-x86_64 | 0.2.1 | 220.00 | NOTE | |||
r-release-windows-x86_64 | 0.2.1 | 39.00 | 353.00 | 392.00 | NOTE | |
r-oldrel-macos-arm64 | 0.2.1 | 86.00 | NOTE | |||
r-oldrel-macos-x86_64 | 0.2.1 | 167.00 | NOTE | |||
r-oldrel-windows-ix86+x86_64 | 0.2.1 | 55.00 | 365.00 | 420.00 | NOTE |
Version: 0.2.1
Check: installed package size
Result: NOTE
installed size is 5.2Mb
sub-directories of 1Mb or more:
doc 4.0Mb
Flavors: r-devel-linux-x86_64-fedora-clang, r-devel-windows-x86_64, r-release-macos-arm64, r-release-macos-x86_64, r-release-windows-x86_64, r-oldrel-macos-arm64, r-oldrel-macos-x86_64, r-oldrel-windows-ix86+x86_64
Version: 0.2.1
Check: data for non-ASCII characters
Result: NOTE
Note: found 24 marked UTF-8 strings
Flavors: r-devel-linux-x86_64-fedora-clang, r-devel-linux-x86_64-fedora-gcc, r-release-macos-arm64, r-release-macos-x86_64, r-oldrel-macos-arm64, r-oldrel-macos-x86_64