Last updated on 2023-11-28 19:55:19 CET.
Flavor | Version | Tinstall | Tcheck | Ttotal | Status | Flags |
---|---|---|---|---|---|---|
r-devel-linux-x86_64-debian-clang | 0.2.1 | 27.96 | 361.42 | 389.38 | OK | |
r-devel-linux-x86_64-debian-gcc | 0.2.1 | 22.96 | 274.29 | 297.25 | OK | |
r-devel-linux-x86_64-fedora-clang | 0.2.1 | 481.77 | NOTE | |||
r-devel-linux-x86_64-fedora-gcc | 0.2.1 | 489.27 | NOTE | |||
r-devel-windows-x86_64 | 0.2.1 | 24.00 | 269.00 | 293.00 | NOTE | |
r-patched-linux-x86_64 | 0.2.1 | 31.82 | 352.56 | 384.38 | OK | |
r-release-linux-x86_64 | 0.2.1 | 20.22 | 351.85 | 372.07 | OK | |
r-release-macos-arm64 | 0.2.1 | 143.00 | NOTE | |||
r-release-macos-x86_64 | 0.2.1 | 258.00 | NOTE | |||
r-release-windows-x86_64 | 0.2.1 | 31.00 | 337.00 | 368.00 | NOTE | |
r-oldrel-macos-arm64 | 0.2.1 | 130.00 | NOTE | |||
r-oldrel-macos-x86_64 | 0.2.1 | 220.00 | NOTE | |||
r-oldrel-windows-x86_64 | 0.2.1 | 32.00 | 339.00 | 371.00 | NOTE |
Version: 0.2.1
Check: installed package size
Result: NOTE
installed size is 5.2Mb
sub-directories of 1Mb or more:
doc 4.0Mb
Flavors: r-devel-linux-x86_64-fedora-clang, r-devel-windows-x86_64, r-release-macos-arm64, r-release-macos-x86_64, r-release-windows-x86_64, r-oldrel-macos-arm64, r-oldrel-macos-x86_64, r-oldrel-windows-x86_64
Version: 0.2.1
Check: data for non-ASCII characters
Result: NOTE
Note: found 24 marked UTF-8 strings
Flavors: r-devel-linux-x86_64-fedora-clang, r-devel-linux-x86_64-fedora-gcc, r-oldrel-macos-arm64, r-oldrel-macos-x86_64