CRAN Package Check Results for Package NISTunits

Last updated on 2022-05-28 21:50:46 CEST.

Flavor Version Tinstall Tcheck Ttotal Status Flags
r-devel-linux-x86_64-debian-clang 1.0.1 14.53 128.47 143.00 NOTE
r-devel-linux-x86_64-debian-gcc 1.0.1 11.12 97.51 108.63 NOTE
r-devel-linux-x86_64-fedora-clang 1.0.1 150.86 NOTE
r-devel-linux-x86_64-fedora-gcc 1.0.1 151.40 NOTE
r-devel-windows-x86_64 1.0.1 848.00 222.00 1070.00 NOTE
r-patched-linux-x86_64 1.0.1 20.36 102.06 122.42 NOTE
r-release-linux-x86_64 1.0.1 11.08 104.39 115.47 NOTE
r-release-macos-arm64 1.0.1 44.00 NOTE
r-release-macos-x86_64 1.0.1 70.00 NOTE
r-release-windows-x86_64 1.0.1 127.00 196.00 323.00 NOTE
r-oldrel-macos-arm64 1.0.1 52.00 NOTE
r-oldrel-macos-x86_64 1.0.1 111.00 NOTE
r-oldrel-windows-ix86+x86_64 1.0.1 27.00 169.00 196.00 NOTE

Check Details

Version: 1.0.1
Check: DESCRIPTION meta-information
Result: NOTE
    Malformed Description field: should contain one or more complete sentences.
Flavors: r-devel-linux-x86_64-debian-clang, r-devel-linux-x86_64-debian-gcc, r-devel-linux-x86_64-fedora-clang, r-devel-linux-x86_64-fedora-gcc, r-devel-windows-x86_64, r-patched-linux-x86_64, r-release-linux-x86_64, r-release-macos-arm64, r-release-macos-x86_64, r-release-windows-x86_64, r-oldrel-macos-arm64, r-oldrel-macos-x86_64, r-oldrel-windows-ix86+x86_64

Version: 1.0.1
Check: data for non-ASCII characters
Result: NOTE
     Note: found 170 marked UTF-8 strings
Flavors: r-devel-linux-x86_64-fedora-clang, r-devel-linux-x86_64-fedora-gcc, r-release-macos-arm64, r-release-macos-x86_64, r-oldrel-macos-arm64, r-oldrel-macos-x86_64