Last updated on 2023-12-07 19:58:36 CET.
Flavor | Version | Tinstall | Tcheck | Ttotal | Status | Flags |
---|---|---|---|---|---|---|
r-devel-linux-x86_64-debian-clang | 0.29.11 | 8.31 | 88.45 | 96.76 | NOTE | |
r-devel-linux-x86_64-debian-gcc | 0.29.11 | 7.29 | 63.91 | 71.20 | NOTE | |
r-devel-linux-x86_64-fedora-clang | 0.29.11 | 114.14 | OK | |||
r-devel-linux-x86_64-fedora-gcc | 0.29.11 | 123.30 | OK | |||
r-devel-windows-x86_64 | 0.29.11 | 10.00 | 82.00 | 92.00 | OK | |
r-patched-linux-x86_64 | 0.29.11 | 7.95 | 83.17 | 91.12 | OK | |
r-release-linux-x86_64 | 0.29.11 | 9.14 | 81.51 | 90.65 | OK | |
r-release-macos-arm64 | 0.29.11 | 42.00 | OK | |||
r-release-macos-x86_64 | 0.29.11 | 66.00 | OK | |||
r-release-windows-x86_64 | 0.29.11 | 12.00 | 94.00 | 106.00 | OK | |
r-oldrel-macos-arm64 | 0.29.11 | 32.00 | OK | |||
r-oldrel-macos-x86_64 | 0.29.11 | 59.00 | OK | |||
r-oldrel-windows-x86_64 | 0.29.11 | 12.00 | 91.00 | 103.00 | OK |
Version: 0.29.11
Check: Rd files
Result: NOTE
checkRd: (-1) ROCplots.Rd:35: Lost braces in \itemize; meant \describe ?
checkRd: (-1) ROCplots.Rd:36: Lost braces in \itemize; meant \describe ?
checkRd: (-1) ROCplots.Rd:37: Lost braces in \itemize; meant \describe ?
checkRd: (-1) ROCplots.Rd:38: Lost braces in \itemize; meant \describe ?
checkRd: (-1) ROCplots.Rd:39: Lost braces in \itemize; meant \describe ?
checkRd: (-1) ROCplots.Rd:40: Lost braces in \itemize; meant \describe ?
Flavors: r-devel-linux-x86_64-debian-clang, r-devel-linux-x86_64-debian-gcc