CRAN Package Check Results for Package NPMLEmix

Last updated on 2021-05-17 21:49:44 CEST.

Flavor Version Tinstall Tcheck Ttotal Status Flags
r-devel-linux-x86_64-debian-clang 1.2 14.49 112.69 127.18 NOTE
r-devel-linux-x86_64-debian-gcc 1.2 12.05 85.61 97.66 NOTE
r-devel-linux-x86_64-fedora-clang 1.2 161.94 NOTE
r-devel-linux-x86_64-fedora-gcc 1.2 156.00 NOTE
r-devel-windows-ix86+x86_64 1.2 39.00 134.00 173.00 NOTE
r-devel-windows-x86_64-gcc10-UCRT 1.2 NOTE
r-patched-linux-x86_64 1.2 14.09 105.91 120.00 NOTE
r-release-linux-x86_64 1.2 14.50 105.76 120.26 OK
r-release-macos-x86_64 1.2 NOTE
r-release-windows-ix86+x86_64 1.2 25.00 100.00 125.00 OK
r-oldrel-macos-x86_64 1.2 NOTE
r-oldrel-windows-ix86+x86_64 1.2 1.00 10.00 11.00 ERROR

Check Details

Version: 1.2
Check: LazyData
Result: NOTE
     'LazyData' is specified without a 'data' directory
Flavors: r-devel-linux-x86_64-debian-clang, r-devel-linux-x86_64-debian-gcc, r-devel-linux-x86_64-fedora-clang, r-devel-linux-x86_64-fedora-gcc, r-devel-windows-ix86+x86_64, r-devel-windows-x86_64-gcc10-UCRT, r-patched-linux-x86_64

Version: 1.2
Check: dependencies in R code
Result: NOTE
    Namespaces in Imports field not imported from:
     ‘CAMAN’ ‘Hmisc’ ‘latexpdf’ ‘spatstat’
     All declared Imports should be used.
Flavors: r-devel-linux-x86_64-fedora-clang, r-devel-linux-x86_64-fedora-gcc, r-devel-windows-x86_64-gcc10-UCRT, r-release-macos-x86_64, r-oldrel-macos-x86_64

Version: 1.2
Check: package dependencies
Result: ERROR
    Package required but not available: 'REBayes'
    
    See section 'The DESCRIPTION file' in the 'Writing R Extensions'
    manual.
Flavor: r-oldrel-windows-ix86+x86_64