CRAN Package Check Results for Package NipponMap

Last updated on 2022-01-25 19:50:39 CET.

Flavor Version Tinstall Tcheck Ttotal Status Flags
r-devel-linux-x86_64-debian-clang 0.2 5.56 65.04 70.60 NOTE
r-devel-linux-x86_64-debian-gcc 0.2 4.88 53.67 58.55 NOTE
r-devel-linux-x86_64-fedora-clang 0.2 85.63 NOTE
r-devel-linux-x86_64-fedora-gcc 0.2 72.65 NOTE
r-devel-windows-x86_64-new-UL 0.2 33.00 86.00 119.00 NOTE
r-devel-windows-x86_64-new-TK 0.2 NOTE
r-patched-linux-x86_64 0.2 5.12 57.99 63.11 NOTE
r-release-linux-x86_64 0.2 4.85 58.48 63.33 NOTE
r-release-macos-arm64 0.2 NOTE
r-release-macos-x86_64 0.2 NOTE
r-release-windows-ix86+x86_64 0.2 14.00 68.00 82.00 OK
r-oldrel-macos-x86_64 0.2 OK
r-oldrel-windows-ix86+x86_64 0.2 14.00 68.00 82.00 OK

Check Details

Version: 0.2
Check: package dependencies
Result: NOTE
    Package which this enhances but not available for checking: 'jpndistrict'
Flavors: r-devel-linux-x86_64-debian-clang, r-devel-linux-x86_64-debian-gcc, r-devel-linux-x86_64-fedora-clang, r-devel-linux-x86_64-fedora-gcc, r-devel-windows-x86_64-new-UL, r-devel-windows-x86_64-new-TK, r-patched-linux-x86_64, r-release-linux-x86_64, r-release-macos-arm64, r-release-macos-x86_64

Version: 0.2
Check: Rd cross-references
Result: NOTE
    Undeclared packages ‘cshapes’, ‘mapdata’ in Rd xrefs
Flavor: r-devel-linux-x86_64-fedora-clang