Last updated on 2023-09-23 21:52:51 CEST.
Flavor | Version | Tinstall | Tcheck | Ttotal | Status | Flags |
---|---|---|---|---|---|---|
r-devel-linux-x86_64-debian-clang | 1.4.5 | 132.42 | 59.76 | 192.18 | NOTE | |
r-devel-linux-x86_64-debian-gcc | 1.4.5 | 97.29 | 50.45 | 147.74 | NOTE | |
r-devel-linux-x86_64-fedora-clang | 1.4.5 | 315.25 | NOTE | |||
r-devel-linux-x86_64-fedora-gcc | 1.4.5 | 304.20 | NOTE | |||
r-devel-windows-x86_64 | 1.4.5 | 109.00 | 81.00 | 190.00 | NOTE | |
r-patched-linux-x86_64 | 1.4.5 | 144.15 | 57.80 | 201.95 | NOTE | |
r-release-linux-x86_64 | 1.4.5 | 133.26 | 56.76 | 190.02 | NOTE | |
r-release-macos-arm64 | 1.4.5 | 73.00 | NOTE | |||
r-release-macos-x86_64 | 1.4.5 | 120.00 | NOTE | |||
r-release-windows-x86_64 | 1.4.5 | 138.00 | 96.00 | 234.00 | NOTE | |
r-oldrel-macos-arm64 | 1.4.5 | 67.00 | NOTE | |||
r-oldrel-macos-x86_64 | 1.4.5 | 83.00 | NOTE | |||
r-oldrel-windows-x86_64 | 1.4.5 | 133.00 | 93.00 | 226.00 | OK |
Version: 1.4.5
Check: C++ specification
Result: NOTE
Specified C++11: please drop specification unless essential
Flavors: r-devel-linux-x86_64-debian-clang, r-devel-linux-x86_64-debian-gcc, r-devel-linux-x86_64-fedora-clang, r-devel-linux-x86_64-fedora-gcc, r-devel-windows-x86_64, r-patched-linux-x86_64, r-release-linux-x86_64, r-release-macos-arm64, r-release-macos-x86_64, r-release-windows-x86_64
Version: 1.4.5
Check: installed package size
Result: NOTE
installed size is 8.8Mb
sub-directories of 1Mb or more:
libs 8.7Mb
Flavors: r-release-macos-arm64, r-release-macos-x86_64, r-oldrel-macos-arm64, r-oldrel-macos-x86_64