CRAN Package Check Results for Package NlinTS

Last updated on 2024-07-11 21:49:12 CEST.

Flavor Version Tinstall Tcheck Ttotal Status Flags
r-devel-linux-x86_64-debian-clang 1.4.5 137.87 59.12 196.99 NOTE
r-devel-linux-x86_64-debian-gcc 1.4.5 98.85 43.71 142.56 NOTE
r-devel-linux-x86_64-fedora-clang 1.4.5 317.30 NOTE
r-devel-linux-x86_64-fedora-gcc 1.4.5 298.39 NOTE
r-devel-windows-x86_64 1.4.5 112.00 80.00 192.00 NOTE
r-patched-linux-x86_64 1.4.5 110.05 55.14 165.19 NOTE
r-release-linux-x86_64 1.4.5 115.56 55.05 170.61 NOTE
r-release-macos-arm64 1.4.5 58.00 NOTE
r-release-macos-x86_64 1.4.5 85.00 NOTE
r-release-windows-x86_64 1.4.5 113.00 84.00 197.00 NOTE
r-oldrel-macos-arm64 1.4.5 73.00 NOTE
r-oldrel-macos-x86_64 1.4.5 120.00 NOTE
r-oldrel-windows-x86_64 1.4.5 135.00 97.00 232.00 NOTE

Check Details

Version: 1.4.5
Check: C++ specification
Result: NOTE Specified C++11: please drop specification unless essential Flavors: r-devel-linux-x86_64-debian-clang, r-devel-linux-x86_64-debian-gcc, r-devel-linux-x86_64-fedora-clang, r-devel-linux-x86_64-fedora-gcc, r-devel-windows-x86_64, r-patched-linux-x86_64, r-release-linux-x86_64, r-release-macos-arm64, r-release-macos-x86_64, r-release-windows-x86_64, r-oldrel-macos-arm64, r-oldrel-macos-x86_64, r-oldrel-windows-x86_64

Version: 1.4.5
Check: installed package size
Result: NOTE installed size is 8.2Mb sub-directories of 1Mb or more: libs 8.0Mb Flavors: r-release-macos-arm64, r-release-macos-x86_64, r-oldrel-macos-arm64, r-oldrel-macos-x86_64