CRAN Package Check Results for Package ODEnetwork

Last updated on 2021-11-30 19:51:30 CET.

Flavor Version Tinstall Tcheck Ttotal Status Flags
r-devel-linux-x86_64-debian-clang 1.3.2 3.65 32.96 36.61 NOTE
r-devel-linux-x86_64-debian-gcc 1.3.2 2.55 25.66 28.21 NOTE
r-devel-linux-x86_64-fedora-clang 1.3.2 56.18 NOTE
r-devel-linux-x86_64-fedora-gcc 1.3.2 44.58 NOTE
r-devel-windows-x86_64-new-UL 1.3.2 10.00 73.00 83.00 NOTE
r-devel-windows-x86_64-new-TK 1.3.2 NOTE
r-devel-windows-x86_64-old 1.3.2 6.00 40.00 46.00 NOTE
r-patched-linux-x86_64 1.3.2 5.51 31.83 37.34 NOTE
r-patched-solaris-x86 1.3.2 60.30 NOTE
r-release-linux-x86_64 1.3.2 3.36 31.53 34.89 NOTE
r-release-macos-arm64 1.3.2 NOTE
r-release-macos-x86_64 1.3.2 NOTE
r-release-windows-ix86+x86_64 1.3.2 9.00 61.00 70.00 NOTE
r-oldrel-macos-x86_64 1.3.2 OK
r-oldrel-windows-ix86+x86_64 1.3.2 7.00 36.00 43.00 OK

Check Details

Version: 1.3.2
Check: LazyData
Result: NOTE
     'LazyData' is specified without a 'data' directory
Flavors: r-devel-linux-x86_64-debian-clang, r-devel-linux-x86_64-debian-gcc, r-devel-linux-x86_64-fedora-clang, r-devel-linux-x86_64-fedora-gcc, r-devel-windows-x86_64-new-UL, r-devel-windows-x86_64-new-TK, r-devel-windows-x86_64-old, r-patched-linux-x86_64, r-patched-solaris-x86, r-release-linux-x86_64, r-release-macos-arm64, r-release-macos-x86_64, r-release-windows-ix86+x86_64