CRAN Package Check Results for Package ODEsensitivity

Last updated on 2023-12-03 19:48:40 CET.

Flavor Version Tinstall Tcheck Ttotal Status Flags
r-devel-linux-x86_64-debian-clang 1.1.2 15.89 208.67 224.56 NOTE
r-devel-linux-x86_64-debian-gcc 1.1.2 9.67 150.07 159.74 NOTE
r-devel-linux-x86_64-fedora-clang 1.1.2 285.03 OK
r-devel-linux-x86_64-fedora-gcc 1.1.2 269.86 OK
r-devel-windows-x86_64 1.1.2 14.00 178.00 192.00 OK
r-patched-linux-x86_64 1.1.2 18.35 196.12 214.47 OK
r-release-linux-x86_64 1.1.2 10.00 194.29 204.29 OK
r-release-macos-arm64 1.1.2 82.00 OK
r-release-macos-x86_64 1.1.2 144.00 OK
r-release-windows-x86_64 1.1.2 18.00 228.00 246.00 OK
r-oldrel-macos-arm64 1.1.2 54.00 OK
r-oldrel-macos-x86_64 1.1.2 93.00 OK
r-oldrel-windows-x86_64 1.1.2 18.00 229.00 247.00 OK

Check Details

Version: 1.1.2
Check: Rd files
Result: NOTE checkRd: (-1) plot.ODEmorris.Rd:62-63: Lost braces in \itemize; meant \describe ? checkRd: (-1) plot.ODEmorris.Rd:64-65: Lost braces in \itemize; meant \describe ? Flavors: r-devel-linux-x86_64-debian-clang, r-devel-linux-x86_64-debian-gcc