CRAN Package Check Results for Package OSLdecomposition

Last updated on 2023-01-30 19:54:54 CET.

Flavor Version Tinstall Tcheck Ttotal Status Flags
r-devel-linux-x86_64-debian-clang 1.0.0 4.66 73.93 78.59 OK
r-devel-linux-x86_64-debian-gcc 1.0.0 4.15 54.30 58.45 OK
r-devel-linux-x86_64-fedora-clang 1.0.0 95.49 NOTE
r-devel-linux-x86_64-fedora-gcc 1.0.0 102.78 OK
r-devel-windows-x86_64 1.0.0 44.00 116.00 160.00 OK
r-patched-linux-x86_64 1.0.0 11.97 67.65 79.62 OK
r-release-linux-x86_64 1.0.0 4.50 68.48 72.98 OK
r-release-macos-arm64 1.0.0 29.00 OK
r-release-macos-x86_64 1.0.0 41.00 OK
r-release-windows-x86_64 1.0.0 28.00 114.00 142.00 OK
r-oldrel-macos-arm64 1.0.0 28.00 OK
r-oldrel-macos-x86_64 1.0.0 44.00 OK
r-oldrel-windows-ix86+x86_64 1.0.0 14.00 100.00 114.00 OK

Check Details

Version: 1.0.0
Check: Rd cross-references
Result: NOTE
    Undeclared package ‘knitr’ in Rd xrefs
Flavor: r-devel-linux-x86_64-fedora-clang