CRAN Package Check Results for Package OTrecod

Last updated on 2022-01-16 19:49:34 CET.

Flavor Version Tinstall Tcheck Ttotal Status Flags
r-devel-linux-x86_64-debian-clang 0.1.1 17.71 351.24 368.95 OK
r-devel-linux-x86_64-debian-gcc 0.1.1 16.81 273.60 290.41 OK
r-devel-linux-x86_64-fedora-clang 0.1.1 432.32 NOTE
r-devel-linux-x86_64-fedora-gcc 0.1.1 441.51 OK
r-devel-windows-x86_64-new-UL 0.1.1 52.00 381.00 433.00 OK
r-devel-windows-x86_64-new-TK 0.1.1 ERROR
r-patched-linux-x86_64 0.1.1 19.01 334.30 353.31 OK
r-release-linux-x86_64 0.1.1 OK
r-release-macos-arm64 0.1.1 OK
r-release-macos-x86_64 0.1.1 OK
r-release-windows-ix86+x86_64 0.1.1 43.00 417.00 460.00 OK
r-oldrel-macos-x86_64 0.1.1 OK
r-oldrel-windows-ix86+x86_64 0.1.1 43.00 430.00 473.00 OK

Check Details

Version: 0.1.1
Check: Rd cross-references
Result: NOTE
    Undeclared package ‘survey’ in Rd xrefs
Flavor: r-devel-linux-x86_64-fedora-clang

Version: 0.1.1
Check: package dependencies
Result: ERROR
    Packages required but not available: 'missMDA', 'FactoMineR'
    
    See section 'The DESCRIPTION file' in the 'Writing R Extensions'
    manual.
Flavor: r-devel-windows-x86_64-new-TK