CRAN Package Check Results for Package OTrecod

Last updated on 2024-03-02 19:50:24 CET.

Flavor Version Tinstall Tcheck Ttotal Status Flags
r-devel-linux-x86_64-debian-clang 0.1.2 24.14 469.09 493.23 NOTE
r-devel-linux-x86_64-debian-gcc 0.1.2 20.70 341.84 362.54 NOTE
r-devel-linux-x86_64-fedora-clang 0.1.2 581.19 NOTE
r-devel-linux-x86_64-fedora-gcc 0.1.2 622.04 NOTE
r-devel-windows-x86_64 0.1.2 22.00 317.00 339.00 OK
r-patched-linux-x86_64 0.1.2 23.88 441.07 464.95 OK
r-release-linux-x86_64 0.1.2 22.66 439.72 462.38 OK
r-release-macos-arm64 0.1.2 167.00 OK
r-release-macos-x86_64 0.1.2 286.00 OK
r-release-windows-x86_64 0.1.2 31.00 427.00 458.00 OK
r-oldrel-macos-arm64 0.1.2 140.00 OK
r-oldrel-windows-x86_64 0.1.2 30.00 402.00 432.00 OK

Check Details

Version: 0.1.2
Check: Rd files
Result: NOTE checkRd: (-1) imput_cov.Rd:79: Lost braces 79 | \item van Buuren, S., Groothuis-Oudshoorn, K. (2011). mice: Multivariate Imputation by Chained Equations in R. Journal of Statistical Software, 45(3), 1–67. url{https://www.jstatsoft.org/v45/i03/} | ^ checkRd: (-1) indiv_grp_closest.Rd:47: Lost braces; missing escapes or markup? 47 | The function \code{indiv_grp_closest} is an intermediate function used in the implementation of an algorithm called {OUTCOME} (and its enrichment {R-OUTCOME}, see the reference (2) for more details) dedicated to the solving of recoding problems in data fusion using Optimal Transportation theory. | ^ checkRd: (-1) indiv_grp_closest.Rd:47: Lost braces; missing escapes or markup? 47 | The function \code{indiv_grp_closest} is an intermediate function used in the implementation of an algorithm called {OUTCOME} (and its enrichment {R-OUTCOME}, see the reference (2) for more details) dedicated to the solving of recoding problems in data fusion using Optimal Transportation theory. | ^ checkRd: (-1) merge_dbs.Rd:179: Lost braces 179 | \item van Buuren, S., Groothuis-Oudshoorn, K. (2011). mice: Multivariate Imputation by Chained Equations in R. Journal of Statistical Software, 45(3), 1–67. url{https://www.jstatsoft.org/v45/i03/} | ^ Flavors: r-devel-linux-x86_64-debian-clang, r-devel-linux-x86_64-debian-gcc, r-devel-linux-x86_64-fedora-clang, r-devel-linux-x86_64-fedora-gcc

Version: 0.1.2
Check: Rd cross-references
Result: NOTE Undeclared package ‘survey’ in Rd xrefs Flavor: r-devel-linux-x86_64-fedora-clang