CRAN Package Check Results for Package Opt5PL

Last updated on 2022-05-28 21:50:46 CEST.

Flavor Version Tinstall Tcheck Ttotal Status Flags
r-devel-linux-x86_64-debian-clang 0.1.1 23.59 61.55 85.14 NOTE
r-devel-linux-x86_64-debian-gcc 0.1.1 18.48 45.72 64.20 NOTE
r-devel-linux-x86_64-fedora-clang 0.1.1 109.15 NOTE
r-devel-linux-x86_64-fedora-gcc 0.1.1 102.83 NOTE
r-devel-windows-x86_64 0.1.1 32.00 93.00 125.00 NOTE
r-patched-linux-x86_64 0.1.1 21.39 57.67 79.06 NOTE
r-release-linux-x86_64 0.1.1 20.13 58.00 78.13 NOTE
r-release-macos-arm64 0.1.1 27.00 NOTE
r-release-macos-x86_64 0.1.1 39.00 NOTE
r-release-windows-x86_64 0.1.1 34.00 95.00 129.00 NOTE
r-oldrel-macos-arm64 0.1.1 34.00 NOTE
r-oldrel-macos-x86_64 0.1.1 45.00 NOTE
r-oldrel-windows-ix86+x86_64 0.1.1 56.00 114.00 170.00 NOTE

Check Details

Version: 0.1.1
Check: LazyData
Result: NOTE
     'LazyData' is specified without a 'data' directory
Flavors: r-devel-linux-x86_64-debian-clang, r-devel-linux-x86_64-debian-gcc, r-devel-linux-x86_64-fedora-clang, r-devel-linux-x86_64-fedora-gcc, r-devel-windows-x86_64, r-patched-linux-x86_64, r-release-linux-x86_64, r-release-macos-arm64, r-release-macos-x86_64, r-release-windows-x86_64, r-oldrel-macos-arm64, r-oldrel-macos-x86_64, r-oldrel-windows-ix86+x86_64