Last updated on 2022-05-26 21:50:12 CEST.
Flavor | Version | Tinstall | Tcheck | Ttotal | Status | Flags |
---|---|---|---|---|---|---|
r-devel-linux-x86_64-debian-clang | 1.0.1 | 12.70 | 74.48 | 87.18 | NOTE | |
r-devel-linux-x86_64-debian-gcc | 1.0.1 | 9.97 | 62.37 | 72.34 | NOTE | |
r-devel-linux-x86_64-fedora-clang | 1.0.1 | 99.34 | NOTE | |||
r-devel-linux-x86_64-fedora-gcc | 1.0.1 | 98.16 | NOTE | |||
r-devel-windows-x86_64 | 1.0.1 | 38.00 | 83.00 | 121.00 | NOTE | |
r-patched-linux-x86_64 | 1.0.1 | 10.82 | 69.26 | 80.08 | NOTE | |
r-release-linux-x86_64 | 1.0.1 | 7.50 | 70.03 | 77.53 | NOTE | |
r-release-macos-arm64 | 1.0.1 | 29.00 | NOTE | |||
r-release-macos-x86_64 | 1.0.1 | 38.00 | NOTE | |||
r-release-windows-x86_64 | 1.0.1 | 46.00 | 84.00 | 130.00 | NOTE | |
r-oldrel-macos-arm64 | 1.0.1 | 33.00 | NOTE | |||
r-oldrel-macos-x86_64 | 1.0.1 | 51.00 | NOTE | |||
r-oldrel-windows-ix86+x86_64 | 1.0.1 | 19.00 | 80.00 | 99.00 | NOTE |
Version: 1.0.1
Check: package dependencies
Result: NOTE
Package which this enhances but not available for checking: 'gurobi'
Flavors: r-devel-linux-x86_64-debian-clang, r-devel-linux-x86_64-debian-gcc, r-devel-linux-x86_64-fedora-clang, r-devel-linux-x86_64-fedora-gcc, r-devel-windows-x86_64, r-patched-linux-x86_64, r-release-linux-x86_64, r-release-macos-arm64, r-release-macos-x86_64, r-release-windows-x86_64, r-oldrel-macos-arm64, r-oldrel-macos-x86_64, r-oldrel-windows-ix86+x86_64
Version: 1.0.1
Check: LazyData
Result: NOTE
'LazyData' is specified without a 'data' directory
Flavors: r-devel-linux-x86_64-debian-clang, r-devel-linux-x86_64-debian-gcc, r-devel-linux-x86_64-fedora-clang, r-devel-linux-x86_64-fedora-gcc, r-devel-windows-x86_64, r-patched-linux-x86_64, r-release-linux-x86_64, r-release-macos-arm64, r-release-macos-x86_64, r-release-windows-x86_64, r-oldrel-macos-arm64, r-oldrel-macos-x86_64, r-oldrel-windows-ix86+x86_64