CRAN Package Check Results for Package OutliersO3

Last updated on 2022-01-26 19:50:40 CET.

Flavor Version Tinstall Tcheck Ttotal Status Flags
r-devel-linux-x86_64-debian-clang 0.6.3 9.85 180.96 190.81 OK
r-devel-linux-x86_64-debian-gcc 0.6.3 7.62 133.41 141.03 OK
r-devel-linux-x86_64-fedora-clang 0.6.3 214.03 OK
r-devel-linux-x86_64-fedora-gcc 0.6.3 205.99 OK
r-devel-windows-x86_64-new-UL 0.6.3 48.00 215.00 263.00 OK
r-devel-windows-x86_64-new-TK 0.6.3 ERROR
r-patched-linux-x86_64 0.6.3 8.06 168.22 176.28 OK
r-release-linux-x86_64 0.6.3 7.39 169.56 176.95 OK
r-release-macos-arm64 0.6.3 OK
r-release-macos-x86_64 0.6.3 OK
r-release-windows-ix86+x86_64 0.6.3 25.00 209.00 234.00 OK
r-oldrel-macos-x86_64 0.6.3 OK
r-oldrel-windows-ix86+x86_64 0.6.3 23.00 209.00 232.00 OK

Check Details

Version: 0.6.3
Check: package dependencies
Result: ERROR
    Package required but not available: 'HDoutliers'
    
    See section 'The DESCRIPTION file' in the 'Writing R Extensions'
    manual.
Flavor: r-devel-windows-x86_64-new-TK