CRAN Package Check Results for Package PCGSE

Last updated on 2021-11-29 19:51:38 CET.

Flavor Version Tinstall Tcheck Ttotal Status Flags
r-devel-linux-x86_64-debian-clang 0.4 18.31 161.09 179.40 OK
r-devel-linux-x86_64-debian-gcc 0.4 15.00 122.94 137.94 OK
r-devel-linux-x86_64-fedora-clang 0.4 228.51 OK
r-devel-linux-x86_64-fedora-gcc 0.4 220.86 OK
r-devel-windows-x86_64-new-UL 0.4 30.00 200.00 230.00 OK
r-devel-windows-x86_64-new-TK 0.4 OK
r-devel-windows-x86_64-old 0.4 28.00 137.00 165.00 OK
r-patched-linux-x86_64 0.4 18.74 153.25 171.99 OK
r-patched-solaris-x86 0.4 310.80 OK
r-release-linux-x86_64 0.4 17.09 153.83 170.92 OK
r-release-macos-arm64 0.4 ERROR
r-release-macos-x86_64 0.4 OK
r-release-windows-ix86+x86_64 0.4 43.00 136.00 179.00 OK
r-oldrel-macos-x86_64 0.4 OK
r-oldrel-windows-ix86+x86_64 0.4 26.00 122.00 148.00 OK

Check Details

Version: 0.4
Check: package dependencies
Result: ERROR
    Package required but not available: ‘safe’
    
    See section ‘The DESCRIPTION file’ in the ‘Writing R Extensions’
    manual.
Flavor: r-release-macos-arm64