CRAN Package Check Results for Package PCMBaseCpp

Last updated on 2021-12-04 19:53:05 CET.

Flavor Version Tinstall Tcheck Ttotal Status Flags
r-devel-linux-x86_64-debian-clang 0.1.9 142.86 394.99 537.85 OK
r-devel-linux-x86_64-debian-gcc 0.1.9 126.23 285.71 411.94 OK
r-devel-linux-x86_64-fedora-clang 0.1.9 678.58 NOTE
r-devel-linux-x86_64-fedora-gcc 0.1.9 719.21 OK
r-devel-windows-x86_64-new-UL 0.1.9 175.00 483.00 658.00 OK
r-devel-windows-x86_64-new-TK 0.1.9 OK
r-devel-windows-x86_64-old 0.1.9 170.00 348.00 518.00 OK
r-patched-linux-x86_64 0.1.9 149.17 365.90 515.07 OK
r-release-linux-x86_64 0.1.9 145.17 363.76 508.93 OK
r-release-macos-arm64 0.1.9 NOTE
r-release-macos-x86_64 0.1.9 NOTE
r-release-windows-ix86+x86_64 0.1.9 335.00 707.00 1042.00 NOTE
r-oldrel-macos-x86_64 0.1.9 NOTE
r-oldrel-windows-ix86+x86_64 0.1.9 337.00 723.00 1060.00 NOTE

Check Details

Version: 0.1.9
Check: installed package size
Result: NOTE
     installed size is 28.3Mb
     sub-directories of 1Mb or more:
     libs 27.1Mb
Flavors: r-devel-linux-x86_64-fedora-clang, r-release-macos-arm64, r-release-macos-x86_64, r-release-windows-ix86+x86_64, r-oldrel-macos-x86_64, r-oldrel-windows-ix86+x86_64