CRAN Package Check Results for Package PDN

Last updated on 2021-12-08 19:51:42 CET.

Flavor Version Tinstall Tcheck Ttotal Status Flags
r-devel-linux-x86_64-debian-clang 0.1.0 10.12 154.64 164.76 OK
r-devel-linux-x86_64-debian-gcc 0.1.0 7.00 116.24 123.24 OK
r-devel-linux-x86_64-fedora-clang 0.1.0 201.00 NOTE
r-devel-linux-x86_64-fedora-gcc 0.1.0 185.36 NOTE
r-devel-windows-x86_64-new-UL 0.1.0 18.00 190.00 208.00 OK
r-devel-windows-x86_64-new-TK 0.1.0 NOTE
r-devel-windows-x86_64-old 0.1.0 16.00 203.00 219.00 OK
r-patched-linux-x86_64 0.1.0 8.46 144.93 153.39 OK
r-release-linux-x86_64 0.1.0 10.57 147.29 157.86 OK
r-release-macos-arm64 0.1.0 NOTE
r-release-macos-x86_64 0.1.0 NOTE
r-release-windows-ix86+x86_64 0.1.0 17.00 172.00 189.00 OK
r-oldrel-macos-x86_64 0.1.0 NOTE
r-oldrel-windows-ix86+x86_64 0.1.0 23.00 176.00 199.00 OK

Check Details

Version: 0.1.0
Check: dependencies in R code
Result: NOTE
    Namespace in Imports field not imported from: ‘glmnet’
     All declared Imports should be used.
Flavors: r-devel-linux-x86_64-fedora-clang, r-devel-linux-x86_64-fedora-gcc, r-devel-windows-x86_64-new-TK, r-release-macos-arm64, r-release-macos-x86_64, r-oldrel-macos-x86_64