CRAN Package Check Results for Package PHEindicatormethods

Last updated on 2023-02-07 19:58:17 CET.

Flavor Version Tinstall Tcheck Ttotal Status Flags
r-devel-linux-x86_64-debian-clang 1.4.2 10.46 450.78 461.24 ERROR
r-devel-linux-x86_64-debian-gcc 1.4.2 6.53 320.09 326.62 ERROR
r-devel-linux-x86_64-fedora-clang 1.4.2 561.96 ERROR
r-devel-linux-x86_64-fedora-gcc 1.4.2 548.82 ERROR
r-devel-windows-x86_64 1.4.2 141.00 472.00 613.00 ERROR
r-patched-linux-x86_64 1.4.2 9.89 417.72 427.61 ERROR
r-release-linux-x86_64 1.4.2 7.07 427.74 434.81 ERROR
r-release-macos-arm64 1.4.2 91.00 OK
r-release-macos-x86_64 1.4.2 123.00 OK
r-release-windows-x86_64 1.4.2 84.00 334.00 418.00 OK
r-oldrel-macos-arm64 1.4.2 87.00 OK
r-oldrel-macos-x86_64 1.4.2 125.00 OK
r-oldrel-windows-ix86+x86_64 1.4.2 19.00 532.00 551.00 ERROR

Check Details

Version: 1.4.2
Check: tests
Result: ERROR
     Running ‘testthat.R’ [229s/244s]
    Running the tests in ‘tests/testthat.R’ failed.
    Complete output:
     > library(testthat)
     > library(PHEindicatormethods)
     >
     > test_check("PHEindicatormethods")
     [ FAIL 1 | WARN 0 | SKIP 0 | PASS 452 ]
    
     ══ Failed tests ════════════════════════════════════════════════════════════════
     ── Failure ('testLifeExpectancy.R:315'): LE - warnings are generated when invalid arguments are used ──
     wideci_warning\[2\] does not match "some life expectancy values have a 95% confidence interval > 20 years; these values have been suppressed to NAs".
     Actual value: "Each row in `x` is expected to match at most 1 row in `y`\.\\nℹ Row 1 of `x` matches multiple rows\.\\nℹ If multiple matches are expected, set `multiple = "all"` to silence this\\n warning\."
     Backtrace:
     ▆
     1. └─testthat::expect_match(wideci_warning[2], "some life expectancy values have a 95% confidence interval > 20 years; these values have been suppressed to NAs") at testLifeExpectancy.R:315:2
     2. └─testthat:::expect_match_(...)
    
     [ FAIL 1 | WARN 0 | SKIP 0 | PASS 452 ]
     Error: Test failures
     Execution halted
Flavor: r-devel-linux-x86_64-debian-clang

Version: 1.4.2
Check: tests
Result: ERROR
     Running ‘testthat.R’ [170s/282s]
    Running the tests in ‘tests/testthat.R’ failed.
    Complete output:
     > library(testthat)
     > library(PHEindicatormethods)
     >
     > test_check("PHEindicatormethods")
     [ FAIL 1 | WARN 0 | SKIP 0 | PASS 452 ]
    
     ══ Failed tests ════════════════════════════════════════════════════════════════
     ── Failure ('testLifeExpectancy.R:315'): LE - warnings are generated when invalid arguments are used ──
     wideci_warning\[2\] does not match "some life expectancy values have a 95% confidence interval > 20 years; these values have been suppressed to NAs".
     Actual value: "Each row in `x` is expected to match at most 1 row in `y`\.\\nℹ Row 1 of `x` matches multiple rows\.\\nℹ If multiple matches are expected, set `multiple = "all"` to silence this\\n warning\."
     Backtrace:
     ▆
     1. └─testthat::expect_match(wideci_warning[2], "some life expectancy values have a 95% confidence interval > 20 years; these values have been suppressed to NAs") at testLifeExpectancy.R:315:2
     2. └─testthat:::expect_match_(...)
    
     [ FAIL 1 | WARN 0 | SKIP 0 | PASS 452 ]
     Error: Test failures
     Execution halted
Flavor: r-devel-linux-x86_64-debian-gcc

Version: 1.4.2
Check: tests
Result: ERROR
     Running ‘testthat.R’ [282s/409s]
    Running the tests in ‘tests/testthat.R’ failed.
    Complete output:
     > library(testthat)
     > library(PHEindicatormethods)
     >
     > test_check("PHEindicatormethods")
     [ FAIL 1 | WARN 0 | SKIP 0 | PASS 452 ]
    
     ══ Failed tests ════════════════════════════════════════════════════════════════
     ── Failure ('testLifeExpectancy.R:315'): LE - warnings are generated when invalid arguments are used ──
     wideci_warning\[2\] does not match "some life expectancy values have a 95% confidence interval > 20 years; these values have been suppressed to NAs".
     Actual value: "Each row in `x` is expected to match at most 1 row in `y`\.\\nℹ Row 1 of `x` matches multiple rows\.\\nℹ If multiple matches are expected, set `multiple = "all"` to silence this\\n warning\."
     Backtrace:
     ▆
     1. └─testthat::expect_match(wideci_warning[2], "some life expectancy values have a 95% confidence interval > 20 years; these values have been suppressed to NAs") at testLifeExpectancy.R:315:2
     2. └─testthat:::expect_match_(...)
    
     [ FAIL 1 | WARN 0 | SKIP 0 | PASS 452 ]
     Error: Test failures
     Execution halted
Flavor: r-devel-linux-x86_64-fedora-clang

Version: 1.4.2
Check: tests
Result: ERROR
     Running ‘testthat.R’ [273s/327s]
    Running the tests in ‘tests/testthat.R’ failed.
    Complete output:
     > library(testthat)
     > library(PHEindicatormethods)
     >
     > test_check("PHEindicatormethods")
     [ FAIL 1 | WARN 0 | SKIP 0 | PASS 452 ]
    
     ══ Failed tests ════════════════════════════════════════════════════════════════
     ── Failure ('testLifeExpectancy.R:315'): LE - warnings are generated when invalid arguments are used ──
     wideci_warning\[2\] does not match "some life expectancy values have a 95% confidence interval > 20 years; these values have been suppressed to NAs".
     Actual value: "Each row in `x` is expected to match at most 1 row in `y`\.\\nℹ Row 1 of `x` matches multiple rows\.\\nℹ If multiple matches are expected, set `multiple = "all"` to silence this\\n warning\."
     Backtrace:
     ▆
     1. └─testthat::expect_match(wideci_warning[2], "some life expectancy values have a 95% confidence interval > 20 years; these values have been suppressed to NAs") at testLifeExpectancy.R:315:2
     2. └─testthat:::expect_match_(...)
    
     [ FAIL 1 | WARN 0 | SKIP 0 | PASS 452 ]
     Error: Test failures
     Execution halted
Flavor: r-devel-linux-x86_64-fedora-gcc

Version: 1.4.2
Check: tests
Result: ERROR
     Running 'testthat.R' [220s]
    Running the tests in 'tests/testthat.R' failed.
    Complete output:
     > library(testthat)
     > library(PHEindicatormethods)
     >
     > test_check("PHEindicatormethods")
     [ FAIL 1 | WARN 0 | SKIP 0 | PASS 452 ]
    
     ══ Failed tests ════════════════════════════════════════════════════════════════
     ── Failure ('testLifeExpectancy.R:315'): LE - warnings are generated when invalid arguments are used ──
     wideci_warning\[2\] does not match "some life expectancy values have a 95% confidence interval > 20 years; these values have been suppressed to NAs".
     Actual value: "Each row in `x` is expected to match at most 1 row in `y`\.\\nℹ Row 1 of `x` matches multiple rows\.\\nℹ If multiple matches are expected, set `multiple = "all"` to silence this\\n warning\."
     Backtrace:
     ▆
     1. └─testthat::expect_match(wideci_warning[2], "some life expectancy values have a 95% confidence interval > 20 years; these values have been suppressed to NAs") at testLifeExpectancy.R:315:2
     2. └─testthat:::expect_match_(...)
    
     [ FAIL 1 | WARN 0 | SKIP 0 | PASS 452 ]
     Error: Test failures
     Execution halted
Flavor: r-devel-windows-x86_64

Version: 1.4.2
Check: tests
Result: ERROR
     Running ‘testthat.R’ [221s/240s]
    Running the tests in ‘tests/testthat.R’ failed.
    Complete output:
     > library(testthat)
     > library(PHEindicatormethods)
     >
     > test_check("PHEindicatormethods")
     [ FAIL 1 | WARN 0 | SKIP 0 | PASS 452 ]
    
     ══ Failed tests ════════════════════════════════════════════════════════════════
     ── Failure ('testLifeExpectancy.R:315'): LE - warnings are generated when invalid arguments are used ──
     wideci_warning\[2\] does not match "some life expectancy values have a 95% confidence interval > 20 years; these values have been suppressed to NAs".
     Actual value: "Each row in `x` is expected to match at most 1 row in `y`\.\\nℹ Row 1 of `x` matches multiple rows\.\\nℹ If multiple matches are expected, set `multiple = "all"` to silence this\\n warning\."
     Backtrace:
     ▆
     1. └─testthat::expect_match(wideci_warning[2], "some life expectancy values have a 95% confidence interval > 20 years; these values have been suppressed to NAs") at testLifeExpectancy.R:315:2
     2. └─testthat:::expect_match_(...)
    
     [ FAIL 1 | WARN 0 | SKIP 0 | PASS 452 ]
     Error: Test failures
     Execution halted
Flavor: r-patched-linux-x86_64

Version: 1.4.2
Check: tests
Result: ERROR
     Running ‘testthat.R’ [224s/271s]
    Running the tests in ‘tests/testthat.R’ failed.
    Complete output:
     > library(testthat)
     > library(PHEindicatormethods)
     >
     > test_check("PHEindicatormethods")
     [ FAIL 1 | WARN 0 | SKIP 0 | PASS 452 ]
    
     ══ Failed tests ════════════════════════════════════════════════════════════════
     ── Failure ('testLifeExpectancy.R:315'): LE - warnings are generated when invalid arguments are used ──
     wideci_warning\[2\] does not match "some life expectancy values have a 95% confidence interval > 20 years; these values have been suppressed to NAs".
     Actual value: "Each row in `x` is expected to match at most 1 row in `y`\.\\nℹ Row 1 of `x` matches multiple rows\.\\nℹ If multiple matches are expected, set `multiple = "all"` to silence this\\n warning\."
     Backtrace:
     ▆
     1. └─testthat::expect_match(wideci_warning[2], "some life expectancy values have a 95% confidence interval > 20 years; these values have been suppressed to NAs") at testLifeExpectancy.R:315:2
     2. └─testthat:::expect_match_(...)
    
     [ FAIL 1 | WARN 0 | SKIP 0 | PASS 452 ]
     Error: Test failures
     Execution halted
Flavor: r-release-linux-x86_64

Version: 1.4.2
Check: tests
Result: ERROR
     Running 'testthat.R' [270s]
    Running the tests in 'tests/testthat.R' failed.
    Complete output:
     > library(testthat)
     > library(PHEindicatormethods)
     >
     > test_check("PHEindicatormethods")
     [ FAIL 1 | WARN 0 | SKIP 0 | PASS 452 ]
    
     == Failed tests ================================================================
     -- Failure ('testLifeExpectancy.R:315'): LE - warnings are generated when invalid arguments are used --
     wideci_warning\[2\] does not match "some life expectancy values have a 95% confidence interval > 20 years; these values have been suppressed to NAs".
     Actual value: "Each row in `x` is expected to match at most 1 row in `y`\.\\ni Row 1 of `x` matches multiple rows\.\\ni If multiple matches are expected, set `multiple = "all"` to silence this\\n warning\."
     Backtrace:
     x
     1. \-testthat::expect_match(wideci_warning[2], "some life expectancy values have a 95% confidence interval > 20 years; these values have been suppressed to NAs") at testLifeExpectancy.R:315:2
     2. \-testthat:::expect_match_(...)
    
     [ FAIL 1 | WARN 0 | SKIP 0 | PASS 452 ]
     Error: Test failures
     Execution halted
Flavor: r-oldrel-windows-ix86+x86_64