CRAN Package Check Results for Package PKconverter

Last updated on 2022-01-23 19:48:38 CET.

Flavor Version Tinstall Tcheck Ttotal Status Flags
r-devel-linux-x86_64-debian-clang 1.5 10.51 62.38 72.89 NOTE
r-devel-linux-x86_64-debian-gcc 1.5 9.61 52.75 62.36 NOTE
r-devel-linux-x86_64-fedora-clang 1.5 91.08 NOTE
r-devel-linux-x86_64-fedora-gcc 1.5 79.44 NOTE
r-devel-windows-x86_64-new-UL 1.5 44.00 76.00 120.00 NOTE
r-devel-windows-x86_64-new-TK 1.5 NOTE
r-patched-linux-x86_64 1.5 9.39 62.03 71.42 NOTE
r-release-linux-x86_64 1.5 8.86 60.67 69.53 NOTE
r-release-macos-arm64 1.5 NOTE
r-release-macos-x86_64 1.5 NOTE
r-release-windows-ix86+x86_64 1.5 20.00 66.00 86.00 NOTE
r-oldrel-macos-x86_64 1.5 OK
r-oldrel-windows-ix86+x86_64 1.5 17.00 66.00 83.00 OK

Check Details

Version: 1.5
Check: LazyData
Result: NOTE
     'LazyData' is specified without a 'data' directory
Flavors: r-devel-linux-x86_64-debian-clang, r-devel-linux-x86_64-debian-gcc, r-devel-linux-x86_64-fedora-clang, r-devel-linux-x86_64-fedora-gcc, r-devel-windows-x86_64-new-UL, r-devel-windows-x86_64-new-TK, r-patched-linux-x86_64, r-release-linux-x86_64, r-release-macos-arm64, r-release-macos-x86_64, r-release-windows-ix86+x86_64