CRAN Package Check Results for Package PLSiMCpp

Last updated on 2024-03-03 19:56:30 CET.

Flavor Version Tinstall Tcheck Ttotal Status Flags
r-devel-linux-x86_64-debian-clang 1.0.4 58.28 64.19 122.47 NOTE
r-devel-linux-x86_64-debian-gcc 1.0.4 43.21 46.69 89.90 NOTE
r-devel-linux-x86_64-fedora-clang 1.0.4 151.31 NOTE
r-devel-linux-x86_64-fedora-gcc 1.0.4 157.34 NOTE
r-devel-windows-x86_64 1.0.4 42.00 93.00 135.00 NOTE
r-patched-linux-x86_64 1.0.4 52.97 60.68 113.65 NOTE
r-release-linux-x86_64 1.0.4 55.59 62.23 117.82 NOTE
r-release-macos-arm64 1.0.4 47.00 NOTE
r-release-macos-x86_64 1.0.4 77.00 NOTE
r-release-windows-x86_64 1.0.4 51.00 101.00 152.00 NOTE
r-oldrel-macos-arm64 1.0.4 45.00 NOTE
r-oldrel-windows-x86_64 1.0.4 50.00 97.00 147.00 OK

Check Details

Version: 1.0.4
Check: C++ specification
Result: NOTE Specified C++11: please drop specification unless essential Flavors: r-devel-linux-x86_64-debian-clang, r-devel-linux-x86_64-debian-gcc, r-devel-linux-x86_64-fedora-clang, r-devel-linux-x86_64-fedora-gcc, r-devel-windows-x86_64, r-patched-linux-x86_64, r-release-linux-x86_64, r-release-macos-arm64, r-release-macos-x86_64, r-release-windows-x86_64

Version: 1.0.4
Check: installed package size
Result: NOTE installed size is 5.7Mb sub-directories of 1Mb or more: libs 5.5Mb Flavors: r-release-macos-arm64, r-release-macos-x86_64, r-oldrel-macos-arm64