CRAN Package Check Results for Package PRDA

Last updated on 2021-12-08 19:51:43 CET.

Flavor Version Tinstall Tcheck Ttotal Status Flags
r-devel-linux-x86_64-debian-clang 1.0.0 36.37 232.12 268.49 NOTE
r-devel-linux-x86_64-debian-gcc 1.0.0 27.14 157.63 184.77 NOTE
r-devel-linux-x86_64-fedora-clang 1.0.0 340.78 NOTE
r-devel-linux-x86_64-fedora-gcc 1.0.0 320.64 NOTE
r-devel-windows-x86_64-new-UL 1.0.0 53.00 307.00 360.00 NOTE
r-devel-windows-x86_64-new-TK 1.0.0 NOTE
r-devel-windows-x86_64-old 1.0.0 51.00 323.00 374.00 NOTE
r-patched-linux-x86_64 1.0.0 31.86 223.78 255.64 NOTE
r-release-linux-x86_64 1.0.0 31.28 224.30 255.58 NOTE
r-release-macos-arm64 1.0.0 NOTE
r-release-macos-x86_64 1.0.0 NOTE
r-release-windows-ix86+x86_64 1.0.0 72.00 243.00 315.00 NOTE
r-oldrel-macos-x86_64 1.0.0 OK
r-oldrel-windows-ix86+x86_64 1.0.0 98.00 332.00 430.00 OK

Check Details

Version: 1.0.0
Check: LazyData
Result: NOTE
     'LazyData' is specified without a 'data' directory
Flavors: r-devel-linux-x86_64-debian-clang, r-devel-linux-x86_64-debian-gcc, r-devel-linux-x86_64-fedora-clang, r-devel-linux-x86_64-fedora-gcc, r-devel-windows-x86_64-new-UL, r-devel-windows-x86_64-new-TK, r-devel-windows-x86_64-old, r-patched-linux-x86_64, r-release-linux-x86_64, r-release-macos-arm64, r-release-macos-x86_64, r-release-windows-ix86+x86_64