CRAN Package Check Results for Package PRIMAL

Last updated on 2021-05-05 22:51:45 CEST.

Flavor Version Tinstall Tcheck Ttotal Status Flags
r-devel-linux-x86_64-debian-clang 1.0.2 51.70 66.46 118.16 OK
r-devel-linux-x86_64-debian-gcc 1.0.2 37.75 52.85 90.60 OK
r-devel-linux-x86_64-fedora-clang 1.0.2 164.60 NOTE
r-devel-linux-x86_64-fedora-gcc 1.0.2 151.27 NOTE
r-devel-windows-ix86+x86_64 1.0.2 82.00 130.00 212.00 OK
r-devel-windows-x86_64-gcc10-UCRT 1.0.2 OK
r-patched-linux-x86_64 1.0.2 46.22 66.95 113.17 OK
r-patched-solaris-x86 1.0.2 167.70 OK
r-release-linux-x86_64 1.0.2 45.03 63.84 108.87 OK
r-release-macos-x86_64 1.0.2 NOTE
r-release-windows-ix86+x86_64 1.0.2 77.00 99.00 176.00 OK
r-oldrel-macos-x86_64 1.0.2 NOTE
r-oldrel-windows-ix86+x86_64 1.0.2 90.00 8.00 98.00 ERROR

Check Details

Version: 1.0.2
Check: installed package size
Result: NOTE
     installed size is 9.3Mb
     sub-directories of 1Mb or more:
     libs 8.8Mb
Flavors: r-devel-linux-x86_64-fedora-clang, r-release-macos-x86_64, r-oldrel-macos-x86_64

Version: 1.0.2
Check: compiled code
Result: NOTE
    File ‘PRIMAL/libs/PRIMAL.so’:
     Found no calls to: ‘R_registerRoutines’, ‘R_useDynamicSymbols’
    
    It is good practice to register native routines and to disable symbol
    search.
    
    See ‘Writing portable packages’ in the ‘Writing R Extensions’ manual.
Flavors: r-devel-linux-x86_64-fedora-clang, r-devel-linux-x86_64-fedora-gcc

Version: 1.0.2
Check: whether package can be installed
Result: ERROR
    Installation failed.
Flavor: r-oldrel-windows-ix86+x86_64