CRAN Package Check Results for Package PROreg

Last updated on 2022-05-26 21:50:14 CEST.

Flavor Version Tinstall Tcheck Ttotal Status Flags
r-devel-linux-x86_64-debian-clang 1.1 12.29 118.65 130.94 NOTE
r-devel-linux-x86_64-debian-gcc 1.1 10.14 101.24 111.38 NOTE
r-devel-linux-x86_64-fedora-clang 1.1 154.38 NOTE
r-devel-linux-x86_64-fedora-gcc 1.1 154.17 NOTE
r-devel-windows-x86_64 1.1 19.00 131.00 150.00 NOTE
r-patched-linux-x86_64 1.1 15.59 107.23 122.82 NOTE
r-release-linux-x86_64 1.1 9.98 107.08 117.06 NOTE
r-release-macos-arm64 1.1 46.00 NOTE
r-release-macos-x86_64 1.1 70.00 NOTE
r-release-windows-x86_64 1.1 20.00 124.00 144.00 NOTE
r-oldrel-macos-arm64 1.1 61.00 NOTE
r-oldrel-macos-x86_64 1.1 68.00 NOTE
r-oldrel-windows-ix86+x86_64 1.1 22.00 129.00 151.00 NOTE

Check Details

Version: 1.1
Check: LazyData
Result: NOTE
     'LazyData' is specified without a 'data' directory
Flavors: r-devel-linux-x86_64-debian-clang, r-devel-linux-x86_64-debian-gcc, r-devel-linux-x86_64-fedora-clang, r-devel-linux-x86_64-fedora-gcc, r-devel-windows-x86_64, r-patched-linux-x86_64, r-release-linux-x86_64, r-release-macos-arm64, r-release-macos-x86_64, r-release-windows-x86_64, r-oldrel-macos-arm64, r-oldrel-macos-x86_64, r-oldrel-windows-ix86+x86_64