CRAN Package Check Results for Package PROscorer

Last updated on 2021-12-03 19:50:21 CET.

Flavor Version Tinstall Tcheck Ttotal Status Flags
r-devel-linux-x86_64-debian-clang 0.0.1 2.27 24.47 26.74 NOTE
r-devel-linux-x86_64-debian-gcc 0.0.1 1.72 19.94 21.66 NOTE
r-devel-linux-x86_64-fedora-clang 0.0.1 43.76 NOTE
r-devel-linux-x86_64-fedora-gcc 0.0.1 34.54 NOTE
r-devel-windows-x86_64-new-UL 0.0.1 6.00 65.00 71.00 NOTE
r-devel-windows-x86_64-new-TK 0.0.1 NOTE
r-devel-windows-x86_64-old 0.0.1 4.00 35.00 39.00 NOTE
r-patched-linux-x86_64 0.0.1 2.40 24.52 26.92 NOTE
r-release-linux-x86_64 0.0.1 2.07 24.34 26.41 NOTE
r-release-macos-arm64 0.0.1 NOTE
r-release-macos-x86_64 0.0.1 NOTE
r-release-windows-ix86+x86_64 0.0.1 4.00 44.00 48.00 NOTE
r-oldrel-macos-x86_64 0.0.1 OK
r-oldrel-windows-ix86+x86_64 0.0.1 5.00 46.00 51.00 OK

Check Details

Version: 0.0.1
Check: LazyData
Result: NOTE
     'LazyData' is specified without a 'data' directory
Flavors: r-devel-linux-x86_64-debian-clang, r-devel-linux-x86_64-debian-gcc, r-devel-linux-x86_64-fedora-clang, r-devel-linux-x86_64-fedora-gcc, r-devel-windows-x86_64-new-UL, r-devel-windows-x86_64-new-TK, r-devel-windows-x86_64-old, r-patched-linux-x86_64, r-release-linux-x86_64, r-release-macos-arm64, r-release-macos-x86_64, r-release-windows-ix86+x86_64