CRAN Package Check Results for Package PROscorerTools

Last updated on 2021-12-01 19:51:45 CET.

Flavor Version Tinstall Tcheck Ttotal Status Flags
r-devel-linux-x86_64-debian-clang 0.0.1 2.40 26.68 29.08 NOTE
r-devel-linux-x86_64-debian-gcc 0.0.1 1.29 21.33 22.62 NOTE
r-devel-linux-x86_64-fedora-clang 0.0.1 46.67 NOTE
r-devel-linux-x86_64-fedora-gcc 0.0.1 36.80 NOTE
r-devel-windows-x86_64-new-UL 0.0.1 7.00 71.00 78.00 NOTE
r-devel-windows-x86_64-new-TK 0.0.1 NOTE
r-devel-windows-x86_64-old 0.0.1 4.00 35.00 39.00 NOTE
r-patched-linux-x86_64 0.0.1 2.32 25.42 27.74 NOTE
r-patched-solaris-x86 0.0.1 54.00 NOTE
r-release-linux-x86_64 0.0.1 2.19 25.53 27.72 NOTE
r-release-macos-arm64 0.0.1 NOTE
r-release-macos-x86_64 0.0.1 NOTE
r-release-windows-ix86+x86_64 0.0.1 6.00 45.00 51.00 NOTE
r-oldrel-macos-x86_64 0.0.1 OK
r-oldrel-windows-ix86+x86_64 0.0.1 4.00 41.00 45.00 OK

Check Details

Version: 0.0.1
Check: LazyData
Result: NOTE
     'LazyData' is specified without a 'data' directory
Flavors: r-devel-linux-x86_64-debian-clang, r-devel-linux-x86_64-debian-gcc, r-devel-linux-x86_64-fedora-clang, r-devel-linux-x86_64-fedora-gcc, r-devel-windows-x86_64-new-UL, r-devel-windows-x86_64-new-TK, r-devel-windows-x86_64-old, r-patched-linux-x86_64, r-patched-solaris-x86, r-release-linux-x86_64, r-release-macos-arm64, r-release-macos-x86_64, r-release-windows-ix86+x86_64