CRAN Package Check Results for Package PTE

Last updated on 2024-03-02 19:50:26 CET.

Flavor Version Tinstall Tcheck Ttotal Status Flags
r-devel-linux-x86_64-debian-clang 1.7 9.11 73.01 82.12 NOTE
r-devel-linux-x86_64-debian-gcc 1.7 6.49 55.06 61.55 NOTE
r-devel-linux-x86_64-fedora-clang 1.7 96.62 NOTE
r-devel-linux-x86_64-fedora-gcc 1.7 100.85 NOTE
r-devel-windows-x86_64 1.7 7.00 70.00 77.00 OK
r-patched-linux-x86_64 1.7 6.13 71.58 77.71 OK
r-release-linux-x86_64 1.7 6.99 71.05 78.04 OK
r-release-macos-arm64 1.7 36.00 OK
r-release-macos-x86_64 1.7 54.00 OK
r-release-windows-x86_64 1.7 10.00 79.00 89.00 OK
r-oldrel-macos-arm64 1.7 26.00 NOTE
r-oldrel-windows-x86_64 1.7 10.00 88.00 98.00 OK

Check Details

Version: 1.7
Check: Rd files
Result: NOTE checkRd: (-1) PTE_bootstrap_inference.Rd:39-42: Lost braces 39 | continuous = function(Xytrain){ #defalt is OLS regression | ^ checkRd: (-1) PTE_bootstrap_inference.Rd:43-47: Lost braces 43 | incidence = function(Xytrain){ #default is logistic regression | ^ checkRd: (-1) PTE_bootstrap_inference.Rd:48-52: Lost braces 48 | survival = function(Xytrain){ #default is Weibull regression | ^ checkRd: (-1) PTE_bootstrap_inference.Rd:66-68: Lost braces 66 | function(mod, Xyleftout){ | ^ checkRd: (-1) PTE_bootstrap_inference.Rd:74-77: Lost braces 74 | function(results, indices_1_1, indices_0_0, indices_0_1, indices_1_0){ | ^ Flavors: r-devel-linux-x86_64-debian-clang, r-devel-linux-x86_64-debian-gcc, r-devel-linux-x86_64-fedora-clang, r-devel-linux-x86_64-fedora-gcc

Version: 1.7
Check: dependencies in R code
Result: NOTE Namespace in Imports field not imported from: ‘grDevices’ All declared Imports should be used. Flavors: r-devel-linux-x86_64-fedora-clang, r-devel-linux-x86_64-fedora-gcc, r-oldrel-macos-arm64