Last updated on 2023-12-08 19:51:48 CET.
Flavor | Version | Tinstall | Tcheck | Ttotal | Status | Flags |
---|---|---|---|---|---|---|
r-devel-linux-x86_64-debian-clang | 0.1-6 | 33.03 | 185.67 | 218.70 | NOTE | |
r-devel-linux-x86_64-debian-gcc | 0.1-6 | 25.33 | 137.03 | 162.36 | NOTE | |
r-devel-linux-x86_64-fedora-clang | 0.1-6 | 281.84 | NOTE | |||
r-devel-linux-x86_64-fedora-gcc | 0.1-6 | 258.40 | NOTE | |||
r-devel-windows-x86_64 | 0.1-6 | 20.00 | 130.00 | 150.00 | NOTE | |
r-patched-linux-x86_64 | 0.1-6 | 32.13 | 179.36 | 211.49 | OK | |
r-release-linux-x86_64 | 0.1-6 | 21.85 | 183.46 | 205.31 | OK | |
r-release-macos-arm64 | 0.1-6 | 62.00 | OK | |||
r-release-macos-x86_64 | 0.1-6 | 96.00 | OK | |||
r-release-windows-x86_64 | 0.1-6 | 25.00 | 156.00 | 181.00 | OK | |
r-oldrel-macos-arm64 | 0.1-6 | 63.00 | OK | |||
r-oldrel-macos-x86_64 | 0.1-6 | 82.00 | OK | |||
r-oldrel-windows-x86_64 | 0.1-6 | 28.00 | 159.00 | 187.00 | OK |
Version: 0.1-6
Check: Rd metadata
Result: NOTE
Invalid package aliases in Rd file 'PVAClone-package.Rd':
‘PVA-package’ ‘pva-package’ ‘Pva-package’
Flavors: r-devel-linux-x86_64-debian-clang, r-devel-linux-x86_64-debian-gcc, r-devel-linux-x86_64-fedora-clang, r-devel-linux-x86_64-fedora-gcc, r-devel-windows-x86_64