CRAN Package Check Results for Package PakPMICS2018mn

Last updated on 2021-02-27 19:48:01 CET.

Flavor Version Tinstall Tcheck Ttotal Status Flags
r-devel-linux-x86_64-debian-clang 0.1.0 6.84 38.37 45.21 OK
r-devel-linux-x86_64-debian-gcc 0.1.0 5.37 30.09 35.46 OK
r-devel-linux-x86_64-fedora-clang 0.1.0 63.15 NOTE
r-devel-linux-x86_64-fedora-gcc 0.1.0 53.21 NOTE
r-devel-windows-ix86+x86_64 0.1.0 11.00 39.00 50.00 OK
r-patched-linux-x86_64 0.1.0 6.75 37.04 43.79 OK
r-patched-solaris-x86 0.1.0 84.40 NOTE
r-release-linux-x86_64 0.1.0 6.40 36.91 43.31 OK
r-release-macos-x86_64 0.1.0 NOTE
r-release-windows-ix86+x86_64 0.1.0 11.00 59.00 70.00 OK
r-oldrel-macos-x86_64 0.1.0 NOTE
r-oldrel-windows-ix86+x86_64 0.1.0 9.00 53.00 62.00 OK

Check Details

Version: 0.1.0
Check: data for non-ASCII characters
Result: NOTE
     Note: found 4 marked UTF-8 strings
Flavors: r-devel-linux-x86_64-fedora-clang, r-devel-linux-x86_64-fedora-gcc, r-patched-solaris-x86, r-release-macos-x86_64, r-oldrel-macos-x86_64