CRAN Package Check Results for Package PanCanVarSel

Last updated on 2022-05-25 21:53:06 CEST.

Flavor Version Tinstall Tcheck Ttotal Status Flags
r-devel-linux-x86_64-debian-clang 0.0.3 4.15 62.30 66.45 NOTE
r-devel-linux-x86_64-debian-gcc 0.0.3 2.90 47.75 50.65 NOTE
r-devel-linux-x86_64-fedora-clang 0.0.3 78.42 NOTE
r-devel-linux-x86_64-fedora-gcc 0.0.3 76.67 NOTE
r-devel-windows-x86_64 0.0.3 14.00 80.00 94.00 NOTE
r-patched-linux-x86_64 0.0.3 3.57 61.02 64.59 NOTE
r-release-linux-x86_64 0.0.3 NOTE
r-release-macos-arm64 0.0.3 25.00 NOTE
r-release-macos-x86_64 0.0.3 32.00 NOTE
r-release-windows-x86_64 0.0.3 7.00 76.00 83.00 NOTE
r-oldrel-macos-arm64 0.0.3 31.00 NOTE
r-oldrel-macos-x86_64 0.0.3 47.00 NOTE
r-oldrel-windows-ix86+x86_64 0.0.3 8.00 74.00 82.00 NOTE

Check Details

Version: 0.0.3
Check: LazyData
Result: NOTE
     'LazyData' is specified without a 'data' directory
Flavors: r-devel-linux-x86_64-debian-clang, r-devel-linux-x86_64-debian-gcc, r-devel-linux-x86_64-fedora-clang, r-devel-linux-x86_64-fedora-gcc, r-devel-windows-x86_64, r-patched-linux-x86_64, r-release-linux-x86_64, r-release-macos-arm64, r-release-macos-x86_64, r-release-windows-x86_64, r-oldrel-macos-arm64, r-oldrel-macos-x86_64, r-oldrel-windows-ix86+x86_64

Version: 0.0.3
Check: dependencies in R code
Result: NOTE
    Namespace in Imports field not imported from: ‘smoothmest’
     All declared Imports should be used.
Flavors: r-devel-linux-x86_64-fedora-clang, r-devel-linux-x86_64-fedora-gcc, r-release-macos-arm64, r-release-macos-x86_64, r-oldrel-macos-arm64, r-oldrel-macos-x86_64