CRAN Package Check Results for Package PopGenReport

Last updated on 2022-01-23 19:48:38 CET.

Flavor Version Tinstall Tcheck Ttotal Status Flags
r-devel-linux-x86_64-debian-clang 3.0.4 41.87 381.82 423.69 OK
r-devel-linux-x86_64-debian-gcc 3.0.4 38.52 307.82 346.34 OK
r-devel-linux-x86_64-fedora-clang 3.0.4 502.27 NOTE
r-devel-linux-x86_64-fedora-gcc 3.0.4 492.11 OK
r-devel-windows-x86_64-new-UL 3.0.4 109.00 408.00 517.00 OK
r-devel-windows-x86_64-new-TK 3.0.4 OK
r-patched-linux-x86_64 3.0.4 38.57 363.72 402.29 OK
r-release-linux-x86_64 3.0.4 30.80 363.00 393.80 OK
r-release-macos-arm64 3.0.4 OK
r-release-macos-x86_64 3.0.4 OK
r-release-windows-ix86+x86_64 3.0.4 90.00 392.00 482.00 OK
r-oldrel-macos-x86_64 3.0.4 OK
r-oldrel-windows-ix86+x86_64 3.0.4 94.00 408.00 502.00 OK

Check Details

Version: 3.0.4
Check: package dependencies
Result: NOTE
    Imports includes 21 non-default packages.
    Importing from so many packages makes the package vulnerable to any of
    them becoming unavailable. Move as many as possible to Suggests and
    use conditionally.
Flavor: r-devel-linux-x86_64-fedora-clang

Version: 3.0.4
Check: Rd cross-references
Result: NOTE
    Undeclared package ‘ecodist’ in Rd xrefs
Flavor: r-devel-linux-x86_64-fedora-clang