Last updated on 2021-01-22 19:47:26 CET.
Flavor | Version | Tinstall | Tcheck | Ttotal | Status | Flags |
---|---|---|---|---|---|---|
r-devel-linux-x86_64-debian-clang | 0.1.6 | 3.06 | 53.15 | 56.21 | OK | |
r-devel-linux-x86_64-debian-gcc | 0.1.6 | 2.44 | 42.10 | 44.54 | OK | |
r-devel-linux-x86_64-fedora-clang | 0.1.6 | 76.70 | NOTE | |||
r-devel-linux-x86_64-fedora-gcc | 0.1.6 | 71.66 | NOTE | |||
r-devel-windows-ix86+x86_64 | 0.1.6 | 10.00 | 99.00 | 109.00 | OK | |
r-patched-linux-x86_64 | 0.1.6 | 2.88 | 53.18 | 56.06 | OK | |
r-patched-solaris-x86 | 0.1.6 | 98.00 | NOTE | |||
r-release-linux-x86_64 | 0.1.6 | 3.00 | 54.61 | 57.61 | OK | |
r-release-macos-x86_64 | 0.1.6 | NOTE | ||||
r-release-windows-ix86+x86_64 | 0.1.6 | 24.00 | 96.00 | 120.00 | OK | |
r-oldrel-macos-x86_64 | 0.1.6 | NOTE | ||||
r-oldrel-windows-ix86+x86_64 | 0.1.6 | 4.00 | 68.00 | 72.00 | OK |
Version: 0.1.6
Check: dependencies in R code
Result: NOTE
Namespace in Imports field not imported from: ‘purrr’
All declared Imports should be used.
Flavors: r-devel-linux-x86_64-fedora-clang, r-devel-linux-x86_64-fedora-gcc, r-patched-solaris-x86, r-release-macos-x86_64, r-oldrel-macos-x86_64