CRAN Package Check Results for Package ProbBreed

Last updated on 2025-04-29 21:49:58 CEST.

Flavor Version Tinstall Tcheck Ttotal Status Flags
r-devel-linux-x86_64-debian-clang 1.0.4.6 2002.42 201.53 2203.95 OK
r-devel-linux-x86_64-debian-gcc 1.0.4.6 1814.11 271.99 2086.10 OK
r-devel-linux-x86_64-fedora-clang 1.0.4.6 3325.48 OK
r-devel-linux-x86_64-fedora-gcc 1.0.4.6 3564.31 OK
r-devel-windows-x86_64 1.0.4.6 2106.00 400.00 2506.00 OK
r-patched-linux-x86_64 1.0.4.6 2313.54 389.51 2703.05 OK
r-release-linux-x86_64 1.0.4.6 2322.29 392.36 2714.65 OK
r-release-macos-arm64 1.0.4.6 852.00 OK
r-release-macos-x86_64 1.0.4.6 798.00 OK
r-release-windows-x86_64 1.0.4.6 2103.00 393.00 2496.00 OK
r-oldrel-macos-arm64 1.0.4.6 684.00 NOTE
r-oldrel-macos-x86_64 1.0.4.6 902.00 NOTE
r-oldrel-windows-x86_64 1.0.4.6 2285.00 464.00 2749.00 NOTE

Check Details

Version: 1.0.4.6
Check: installed package size
Result: NOTE installed size is 227.0Mb sub-directories of 1Mb or more: libs 225.8Mb Flavors: r-oldrel-macos-arm64, r-oldrel-macos-x86_64, r-oldrel-windows-x86_64

Version: 1.0.4.6
Check: for GNU extensions in Makefiles
Result: NOTE GNU make is a SystemRequirements. Flavors: r-oldrel-macos-arm64, r-oldrel-macos-x86_64, r-oldrel-windows-x86_64