CRAN Package Check Results for Package ProfoundData

Last updated on 2023-01-30 19:54:56 CET.

Flavor Version Tinstall Tcheck Ttotal Status Flags
r-devel-linux-x86_64-debian-clang 0.2.1 7.73 69.81 77.54 NOTE
r-devel-linux-x86_64-debian-gcc 0.2.1 7.07 52.40 59.47 NOTE
r-devel-linux-x86_64-fedora-clang 0.2.1 104.22 NOTE
r-devel-linux-x86_64-fedora-gcc 0.2.1 115.18 NOTE
r-devel-windows-x86_64 0.2.1 49.00 106.00 155.00 NOTE
r-patched-linux-x86_64 0.2.1 13.10 67.70 80.80 NOTE
r-release-linux-x86_64 0.2.1 7.75 66.66 74.41 NOTE
r-release-macos-arm64 0.2.1 30.00 NOTE
r-release-macos-x86_64 0.2.1 42.00 NOTE
r-release-windows-x86_64 0.2.1 42.00 102.00 144.00 NOTE
r-oldrel-macos-arm64 0.2.1 38.00 NOTE
r-oldrel-macos-x86_64 0.2.1 55.00 NOTE
r-oldrel-windows-ix86+x86_64 0.2.1 18.00 95.00 113.00 NOTE

Check Details

Version: 0.2.1
Check: package dependencies
Result: NOTE
    Package suggested but not available for checking: ‘BayesianTools’
Flavors: r-devel-linux-x86_64-debian-clang, r-devel-linux-x86_64-debian-gcc, r-devel-linux-x86_64-fedora-clang, r-devel-linux-x86_64-fedora-gcc, r-patched-linux-x86_64, r-release-linux-x86_64

Version: 0.2.1
Check: LazyData
Result: NOTE
     'LazyData' is specified without a 'data' directory
Flavors: r-devel-linux-x86_64-debian-clang, r-devel-linux-x86_64-debian-gcc, r-devel-linux-x86_64-fedora-clang, r-devel-linux-x86_64-fedora-gcc, r-devel-windows-x86_64, r-patched-linux-x86_64, r-release-linux-x86_64, r-release-macos-arm64, r-release-macos-x86_64, r-release-windows-x86_64, r-oldrel-macos-arm64, r-oldrel-macos-x86_64, r-oldrel-windows-ix86+x86_64