CRAN Package Check Results for Package PubMedWordcloud

Last updated on 2024-02-22 19:55:41 CET.

Flavor Version Tinstall Tcheck Ttotal Status Flags
r-devel-linux-x86_64-debian-clang 0.3.6 NOTE
r-devel-linux-x86_64-debian-gcc 0.3.6 4.99 38.28 43.27 NOTE
r-devel-linux-x86_64-fedora-clang 0.3.6 71.87 NOTE
r-devel-linux-x86_64-fedora-gcc 0.3.6 69.80 NOTE
r-devel-windows-x86_64 0.3.6 6.00 57.00 63.00 OK
r-patched-linux-x86_64 0.3.6 6.43 49.81 56.24 OK
r-release-linux-x86_64 0.3.6 4.76 49.10 53.86 OK
r-release-macos-arm64 0.3.6 25.00 OK
r-release-macos-x86_64 0.3.6 37.00 OK
r-release-windows-x86_64 0.3.6 8.00 64.00 72.00 OK
r-oldrel-macos-arm64 0.3.6 21.00 OK
r-oldrel-windows-x86_64 0.3.6 7.00 68.00 75.00 OK

Check Details

Version: 0.3.6
Check: Rd files
Result: NOTE checkRd: (-1) plotWordCloud.Rd:5: Lost braces; missing escapes or markup? 5 | \title{PubMed wordcloud using function 'wordcloud' of package {wordcloud}} | ^ checkRd: (-1) plotWordCloud.Rd:32: Lost braces; missing escapes or markup? 32 | This function just call 'wordcloud' from package {wordcloud}. See package {wordcloud} for more details about the parameters. | ^ checkRd: (-1) plotWordCloud.Rd:32: Lost braces; missing escapes or markup? 32 | This function just call 'wordcloud' from package {wordcloud}. See package {wordcloud} for more details about the parameters. | ^ Flavors: r-devel-linux-x86_64-debian-clang, r-devel-linux-x86_64-debian-gcc, r-devel-linux-x86_64-fedora-clang, r-devel-linux-x86_64-fedora-gcc