Last updated on 2022-05-27 21:51:30 CEST.
Flavor | Version | Tinstall | Tcheck | Ttotal | Status | Flags |
---|---|---|---|---|---|---|
r-devel-linux-x86_64-debian-clang | 0.0.4 | 7.74 | 173.39 | 181.13 | OK | |
r-devel-linux-x86_64-debian-gcc | 0.0.4 | 5.57 | 121.85 | 127.42 | OK | |
r-devel-linux-x86_64-fedora-clang | 0.0.4 | 206.95 | NOTE | |||
r-devel-linux-x86_64-fedora-gcc | 0.0.4 | 201.36 | NOTE | |||
r-devel-windows-x86_64 | 0.0.4 | 78.00 | 183.00 | 261.00 | OK | |
r-patched-linux-x86_64 | 0.0.4 | 7.91 | 157.81 | 165.72 | OK | |
r-release-linux-x86_64 | 0.0.4 | 5.56 | 159.26 | 164.82 | OK | |
r-release-macos-arm64 | 0.0.4 | 52.00 | NOTE | |||
r-release-macos-x86_64 | 0.0.4 | 99.00 | NOTE | |||
r-release-windows-x86_64 | 0.0.4 | 62.00 | 186.00 | 248.00 | OK | |
r-oldrel-macos-arm64 | 0.0.4 | 59.00 | NOTE | |||
r-oldrel-macos-x86_64 | 0.0.4 | 72.00 | NOTE | |||
r-oldrel-windows-ix86+x86_64 | 0.0.4 | 19.00 | 189.00 | 208.00 | OK |
Version: 0.0.4
Check: dependencies in R code
Result: NOTE
Namespaces in Imports field not imported from:
‘data.table’ ‘itsadug’ ‘lazyeval’ ‘mgcv’
All declared Imports should be used.
Flavors: r-devel-linux-x86_64-fedora-clang, r-devel-linux-x86_64-fedora-gcc, r-release-macos-arm64, r-release-macos-x86_64, r-oldrel-macos-arm64, r-oldrel-macos-x86_64