CRAN Package Check Results for Package PupillometryR

Last updated on 2024-07-12 21:50:08 CEST.

Flavor Version Tinstall Tcheck Ttotal Status Flags
r-devel-linux-x86_64-debian-clang 0.0.5 9.06 143.44 152.50 OK
r-devel-linux-x86_64-debian-gcc 0.0.5 6.89 107.21 114.10 OK
r-devel-linux-x86_64-fedora-clang 0.0.5 199.84 NOTE
r-devel-linux-x86_64-fedora-gcc 0.0.5 208.15 NOTE
r-devel-windows-x86_64 0.0.5 8.00 128.00 136.00 OK
r-patched-linux-x86_64 0.0.5 5.02 141.40 146.42 OK
r-release-linux-x86_64 0.0.5 5.16 141.64 146.80 OK
r-release-macos-arm64 0.0.5 58.00 OK
r-release-macos-x86_64 0.0.5 90.00 OK
r-release-windows-x86_64 0.0.5 7.00 128.00 135.00 OK
r-oldrel-macos-arm64 0.0.5 63.00 OK
r-oldrel-macos-x86_64 0.0.5 176.00 OK
r-oldrel-windows-x86_64 0.0.5 11.00 159.00 170.00 OK

Check Details

Version: 0.0.5
Check: dependencies in R code
Result: NOTE Namespaces in Imports field not imported from: ‘itsadug’ ‘mgcv’ All declared Imports should be used. Flavors: r-devel-linux-x86_64-fedora-clang, r-devel-linux-x86_64-fedora-gcc