Last updated on 2023-09-23 21:52:53 CEST.
Flavor | Version | Tinstall | Tcheck | Ttotal | Status | Flags |
---|---|---|---|---|---|---|
r-devel-linux-x86_64-debian-clang | 0.1.1 | 11.48 | 106.56 | 118.04 | NOTE | |
r-devel-linux-x86_64-debian-gcc | 0.1.1 | 10.34 | 88.31 | 98.65 | NOTE | |
r-devel-linux-x86_64-fedora-clang | 0.1.1 | 144.48 | NOTE | |||
r-devel-linux-x86_64-fedora-gcc | 0.1.1 | 151.64 | NOTE | |||
r-devel-windows-x86_64 | 0.1.1 | 11.00 | 96.00 | 107.00 | NOTE | |
r-patched-linux-x86_64 | 0.1.1 | 11.33 | 101.70 | 113.03 | OK | |
r-release-linux-x86_64 | 0.1.1 | 9.76 | 101.38 | 111.14 | OK | |
r-release-macos-arm64 | 0.1.1 | 51.00 | OK | |||
r-release-macos-x86_64 | 0.1.1 | 76.00 | OK | |||
r-release-windows-x86_64 | 0.1.1 | 14.00 | 108.00 | 122.00 | OK | |
r-oldrel-macos-arm64 | 0.1.1 | 42.00 | OK | |||
r-oldrel-macos-x86_64 | 0.1.1 | 66.00 | OK | |||
r-oldrel-windows-x86_64 | 0.1.1 | 15.00 | 117.00 | 132.00 | OK |
Version: 0.1.1
Check: Rd \usage sections
Result: NOTE
Documented arguments not in \usage in documentation object 'lagm':
‘x’
Functions with \usage entries need to have the appropriate \alias
entries, and all their arguments documented.
The \usage entries must correspond to syntactically valid R code.
See chapter ‘Writing R documentation files’ in the ‘Writing R
Extensions’ manual.
Flavors: r-devel-linux-x86_64-debian-clang, r-devel-linux-x86_64-debian-gcc, r-devel-linux-x86_64-fedora-clang, r-devel-linux-x86_64-fedora-gcc, r-devel-windows-x86_64