CRAN Package Check Results for Package R2DT

Last updated on 2024-06-13 21:49:28 CEST.

Flavor Version Tinstall Tcheck Ttotal Status Flags
r-devel-linux-x86_64-debian-clang 0.2 4.72 42.02 46.74 NOTE
r-devel-linux-x86_64-debian-gcc 0.2 0.35 1.69 2.04 ERROR
r-devel-linux-x86_64-fedora-clang 0.2 60.56 NOTE
r-devel-linux-x86_64-fedora-gcc 0.2 55.22 NOTE
r-devel-windows-x86_64 0.2 5.00 52.00 57.00 NOTE
r-patched-linux-x86_64 0.2 5.04 41.07 46.11 NOTE
r-release-linux-x86_64 0.2 4.74 41.23 45.97 NOTE
r-release-macos-arm64 0.2 18.00 NOTE
r-release-macos-x86_64 0.2 28.00 NOTE
r-release-windows-x86_64 0.2 6.00 55.00 61.00 NOTE
r-oldrel-macos-arm64 0.2 20.00 NOTE
r-oldrel-macos-x86_64 0.2 31.00 NOTE
r-oldrel-windows-x86_64 0.2 7.00 58.00 65.00 NOTE

Additional issues

donttest

Check Details

Version: 0.2
Check: LazyData
Result: NOTE 'LazyData' is specified without a 'data' directory Flavors: r-devel-linux-x86_64-debian-clang, r-devel-linux-x86_64-fedora-clang, r-devel-linux-x86_64-fedora-gcc, r-devel-windows-x86_64, r-patched-linux-x86_64, r-release-linux-x86_64, r-release-macos-arm64, r-release-macos-x86_64, r-release-windows-x86_64, r-oldrel-macos-arm64, r-oldrel-macos-x86_64, r-oldrel-windows-x86_64

Version: 0.2
Check: package dependencies
Result: ERROR Package required but not available: ‘devFunc’ See section ‘The DESCRIPTION file’ in the ‘Writing R Extensions’ manual. Flavor: r-devel-linux-x86_64-debian-gcc