CRAN Package Check Results for Package R2OpenBUGS

Last updated on 2022-09-25 21:54:58 CEST.

Flavor Version Tinstall Tcheck Ttotal Status Flags
r-devel-linux-x86_64-debian-clang 3.2-3.2.1 4.25 47.48 51.73 NOTE
r-devel-linux-x86_64-debian-gcc 3.2-3.2.1 3.73 37.24 40.97 NOTE
r-devel-linux-x86_64-fedora-clang 3.2-3.2.1 76.53 OK
r-devel-linux-x86_64-fedora-gcc 3.2-3.2.1 74.85 OK
r-devel-windows-x86_64 3.2-3.2.1 68.00 98.00 166.00 OK
r-patched-linux-x86_64 3.2-3.2.1 4.61 46.79 51.40 NOTE
r-release-linux-x86_64 3.2-3.2.1 4.15 45.84 49.99 NOTE
r-release-macos-arm64 3.2-3.2.1 24.00 OK
r-release-macos-x86_64 3.2-3.2.1 34.00 OK
r-release-windows-x86_64 3.2-3.2.1 41.00 94.00 135.00 OK
r-oldrel-macos-arm64 3.2-3.2.1 31.00 OK
r-oldrel-macos-x86_64 3.2-3.2.1 41.00 OK
r-oldrel-windows-ix86+x86_64 3.2-3.2.1 11.00 72.00 83.00 OK

Check Details

Version: 3.2-3.2.1
Check: R code for possible problems
Result: NOTE
    Found the following calls to attach():
    File 'R2OpenBUGS/R/attach.all.R':
     attach(x, name = name)
    See section 'Good practice' in '?attach'.
Flavors: r-devel-linux-x86_64-debian-clang, r-devel-linux-x86_64-debian-gcc, r-patched-linux-x86_64, r-release-linux-x86_64