Last updated on 2022-05-24 21:51:50 CEST.
Flavor | Version | Tinstall | Tcheck | Ttotal | Status | Flags |
---|---|---|---|---|---|---|
r-devel-linux-x86_64-debian-clang | 0.9-7 | 25.04 | 40.09 | 65.13 | OK | |
r-devel-linux-x86_64-debian-gcc | 0.9-7 | 18.75 | 31.18 | 49.93 | OK | |
r-devel-linux-x86_64-fedora-clang | 0.9-7 | 80.61 | OK | |||
r-devel-linux-x86_64-fedora-gcc | 0.9-7 | 79.00 | OK | |||
r-devel-windows-x86_64 | 0.9-7 | 86.00 | 107.00 | 193.00 | OK | |
r-patched-linux-x86_64 | 0.9-7 | 20.33 | 39.23 | 59.56 | OK | |
r-release-linux-x86_64 | 0.9-7 | OK | ||||
r-release-macos-arm64 | 0.9-7 | 32.00 | NOTE | |||
r-release-macos-x86_64 | 0.9-7 | 42.00 | NOTE | |||
r-release-windows-x86_64 | 0.9-7 | 90.00 | 107.00 | 197.00 | OK | |
r-oldrel-macos-arm64 | 0.9-7 | 29.00 | NOTE | |||
r-oldrel-macos-x86_64 | 0.9-7 | 42.00 | NOTE | |||
r-oldrel-windows-ix86+x86_64 | 0.9-7 | 77.00 | 67.00 | 144.00 | OK |
Version: 0.9-7
Check: installed package size
Result: NOTE
installed size is 17.0Mb
sub-directories of 1Mb or more:
libs 16.8Mb
Flavors: r-release-macos-arm64, r-release-macos-x86_64, r-oldrel-macos-arm64, r-oldrel-macos-x86_64