Last updated on 2021-03-07 19:49:05 CET.
Flavor | Version | Tinstall | Tcheck | Ttotal | Status | Flags |
---|---|---|---|---|---|---|
r-devel-linux-x86_64-debian-clang | 2.1-21 | 4.22 | 48.63 | 52.85 | NOTE | |
r-devel-linux-x86_64-debian-gcc | 2.1-21 | 3.69 | 37.48 | 41.17 | NOTE | |
r-devel-linux-x86_64-fedora-clang | 2.1-21 | 75.44 | OK | |||
r-devel-linux-x86_64-fedora-gcc | 2.1-21 | 63.38 | OK | |||
r-devel-windows-ix86+x86_64 | 2.1-21 | 9.00 | 67.00 | 76.00 | OK | |
r-devel-windows-x86_64-gcc10-UCRT | 2.1-21 | NOTE | ||||
r-patched-linux-x86_64 | 2.1-21 | 4.31 | 46.44 | 50.75 | NOTE | |
r-patched-solaris-x86 | 2.1-21 | 93.40 | NOTE | |||
r-release-linux-x86_64 | 2.1-21 | 5.47 | 47.18 | 52.65 | NOTE | |
r-release-macos-x86_64 | 2.1-21 | NOTE | ||||
r-release-windows-ix86+x86_64 | 2.1-21 | 8.00 | 67.00 | 75.00 | OK | |
r-oldrel-macos-x86_64 | 2.1-21 | NOTE | ||||
r-oldrel-windows-ix86+x86_64 | 2.1-21 | 8.00 | 47.00 | 55.00 | OK |
Version: 2.1-21
Check: R code for possible problems
Result: NOTE
Found the following calls to attach():
File 'R2WinBUGS/R/attach.all.R':
attach(x, name = name)
See section 'Good practice' in '?attach'.
Flavors: r-devel-linux-x86_64-debian-clang, r-devel-linux-x86_64-debian-gcc, r-patched-linux-x86_64, r-release-linux-x86_64
Version: 2.1-21
Check: package dependencies
Result: NOTE
Package suggested but not available for checking: 'BRugs'
Flavors: r-devel-windows-x86_64-gcc10-UCRT, r-patched-solaris-x86, r-release-macos-x86_64, r-oldrel-macos-x86_64
Version: 2.1-21
Check: Rd cross-references
Result: NOTE
Package unavailable to check Rd xrefs: 'BRugs'
Flavors: r-devel-windows-x86_64-gcc10-UCRT, r-release-macos-x86_64, r-oldrel-macos-x86_64