CRAN Package Check Results for Package R2WinBUGS

Last updated on 2022-09-27 23:08:48 CEST.

Flavor Version Tinstall Tcheck Ttotal Status Flags
r-devel-linux-x86_64-debian-clang 2.1-21 5.24 49.92 55.16 NOTE
r-devel-linux-x86_64-debian-gcc 2.1-21 3.30 38.56 41.86 NOTE
r-devel-linux-x86_64-fedora-clang 2.1-21 81.99 OK
r-devel-linux-x86_64-fedora-gcc 2.1-21 77.00 OK
r-devel-windows-x86_64 2.1-21 33.00 107.00 140.00 NOTE
r-patched-linux-x86_64 2.1-21 3.83 47.20 51.03 NOTE
r-release-linux-x86_64 2.1-21 4.84 47.01 51.85 NOTE
r-release-macos-arm64 2.1-21 31.00 NOTE
r-release-macos-x86_64 2.1-21 39.00 NOTE
r-release-windows-x86_64 2.1-21 30.00 103.00 133.00 NOTE
r-oldrel-macos-arm64 2.1-21 44.00 NOTE
r-oldrel-macos-x86_64 2.1-21 59.00 NOTE
r-oldrel-windows-ix86+x86_64 2.1-21 10.00 74.00 84.00 OK

Check Details

Version: 2.1-21
Check: R code for possible problems
Result: NOTE
    Found the following calls to attach():
    File 'R2WinBUGS/R/attach.all.R':
     attach(x, name = name)
    See section 'Good practice' in '?attach'.
Flavors: r-devel-linux-x86_64-debian-clang, r-devel-linux-x86_64-debian-gcc, r-patched-linux-x86_64, r-release-linux-x86_64

Version: 2.1-21
Check: package dependencies
Result: NOTE
    Package suggested but not available for checking: 'BRugs'
Flavors: r-devel-windows-x86_64, r-release-macos-arm64, r-release-macos-x86_64, r-release-windows-x86_64, r-oldrel-macos-arm64, r-oldrel-macos-x86_64

Version: 2.1-21
Check: Rd cross-references
Result: NOTE
    Package unavailable to check Rd xrefs: ‘BRugs’
Flavors: r-release-macos-arm64, r-release-macos-x86_64, r-oldrel-macos-arm64, r-oldrel-macos-x86_64