CRAN Package Check Results for Package R3port

Last updated on 2022-05-20 21:52:59 CEST.

Flavor Version Tinstall Tcheck Ttotal Status Flags
r-devel-linux-x86_64-debian-clang 0.2.4 4.36 53.31 57.67 NOTE
r-devel-linux-x86_64-debian-gcc 0.2.4 3.75 42.21 45.96 NOTE
r-devel-linux-x86_64-fedora-clang 0.2.4 74.57 NOTE
r-devel-linux-x86_64-fedora-gcc 0.2.4 72.89 NOTE
r-devel-windows-x86_64 0.2.4 22.00 80.00 102.00 NOTE
r-patched-linux-x86_64 0.2.4 8.16 52.65 60.81 NOTE
r-release-linux-x86_64 0.2.4 4.08 52.59 56.67 NOTE
r-release-macos-arm64 0.2.4 24.00 NOTE
r-release-macos-x86_64 0.2.4 32.00 NOTE
r-release-windows-x86_64 0.2.4 25.00 88.00 113.00 NOTE
r-oldrel-macos-arm64 0.2.4 27.00 NOTE
r-oldrel-macos-x86_64 0.2.4 38.00 NOTE
r-oldrel-windows-ix86+x86_64 0.2.4 10.00 67.00 77.00 NOTE

Check Details

Version: 0.2.4
Check: LazyData
Result: NOTE
     'LazyData' is specified without a 'data' directory
Flavors: r-devel-linux-x86_64-debian-clang, r-devel-linux-x86_64-debian-gcc, r-devel-linux-x86_64-fedora-clang, r-devel-linux-x86_64-fedora-gcc, r-devel-windows-x86_64, r-patched-linux-x86_64, r-release-linux-x86_64, r-release-macos-arm64, r-release-macos-x86_64, r-release-windows-x86_64, r-oldrel-macos-arm64, r-oldrel-macos-x86_64, r-oldrel-windows-ix86+x86_64