CRAN Package Check Results for Package RADami

Last updated on 2018-05-21 21:48:11 CEST.

Flavor Version Tinstall Tcheck Ttotal Status Flags
r-devel-linux-x86_64-debian-clang 1.1-2 18.55 162.56 181.11 ERROR
r-devel-linux-x86_64-debian-gcc 1.1-2 14.33 146.61 160.94 ERROR
r-devel-linux-x86_64-fedora-clang 1.1-2 251.86 OK
r-devel-linux-x86_64-fedora-gcc 1.1-2 244.40 OK
r-devel-windows-ix86+x86_64 1.1-2 29.00 173.00 202.00 OK
r-patched-linux-x86_64 1.1-2 12.30 151.88 164.18 ERROR
r-patched-solaris-x86 1.1-2 315.80 OK
r-release-linux-x86_64 1.1-2 13.23 151.84 165.07 ERROR
r-release-windows-ix86+x86_64 1.1-2 28.00 267.00 295.00 OK
r-release-osx-x86_64 1.1-2 OK
r-oldrel-windows-ix86+x86_64 1.1-2 33.00 217.00 250.00 OK
r-oldrel-osx-x86_64 1.1-2 OK

Check Details

Version: 1.1-2
Check: examples
Result: ERROR
    Running examples in ‘RADami-Ex.R’ failed
    The error most likely occurred in:
    
    > base::assign(".ptime", proc.time(), pos = "CheckExEnv")
    > ### Name: genTrees
    > ### Title: Generate permuted trees using rNNI or rtree, and check for
    > ### uniqueness.
    > ### Aliases: genTrees
    >
    > ### ** Examples
    >
    > data(oak.tree)
    > out <- genTrees(oak.tree, N = 10, maxmoves = 2, perms = c(5, 5))
    Error in if (perms == "DEFAULT") perms <- c(length(nni(x)), max(1, as.integer(N - :
     the condition has length > 1
    Calls: genTrees
    Execution halted
Flavors: r-devel-linux-x86_64-debian-clang, r-devel-linux-x86_64-debian-gcc, r-patched-linux-x86_64, r-release-linux-x86_64